{"id":3,"date":"2019-03-19T04:45:41","date_gmt":"2019-03-19T04:45:41","guid":{"rendered":"http:\/\/kofe.hu\/parola\/?page_id=3"},"modified":"2019-07-14T18:49:05","modified_gmt":"2019-07-14T18:49:05","slug":"adatkezelesi-tajekoztato","status":"publish","type":"page","link":"https:\/\/kofe.hu\/parola\/adatkezelesi-tajekoztato\/","title":{"rendered":"Adatv\u00e9delmi ir\u00e1nyelvek"},"content":{"rendered":"<p>[vc_row][vc_column css=&#8221;.vc_custom_1562302484556{padding-top: 40px !important;}&#8221;][vc_column_text]<\/p>\n<p><b>A Parola t\u00e1rsadalom \u00e9s k\u00f6z\u00f6ss\u00e9gfejleszt\u0151 szakmai foly\u00f3irat adatkezel\u00e9si t\u00e1j\u00e9koztat\u00f3ja<\/b><\/p>\n<p>&nbsp;<\/p>\n<p><b>Kedves T\u00e1mogat\u00f3nk, L\u00e1togat\u00f3nk!<\/b><\/p>\n<p><span style=\"font-weight: 400;\">Egyes\u00fclet\u00fcnk elk\u00f6telezett a hat\u00e1lyos jogszab\u00e1lyokban megfogalmazott tisztess\u00e9ges \u00e9s \u00e1tl\u00e1that\u00f3 adatkezel\u00e9s biztos\u00edt\u00e1s\u00e1ban.\u00a0<\/span><\/p>\n<p><span style=\"font-weight: 400;\">A www.kofe.hu\/parola honlap haszn\u00e1lata sor\u00e1n az \u00e1ltalad megadott szem\u00e9lyes adatokat annak fenntart\u00f3jak\u00e9nt a <\/span><a href=\"http:\/\/www.kofe.hu\"><span style=\"font-weight: 400;\">K\u00f6z\u00f6ss\u00e9gfejleszt\u0151k Egyes\u00fclete<\/span><\/a><span style=\"font-weight: 400;\"> kezeli.\u00a0<\/span><\/p>\n<p><span style=\"font-weight: 400;\">Az adatv\u00e9delemmel kapcsolatos megkeres\u00e9seket az <\/span><a href=\"mailto:egyesulet@kofe.hu\"><span style=\"font-weight: 400;\">egyesulet@kofe.hu<\/span><\/a><span style=\"font-weight: 400;\"> c\u00edmen v\u00e1runk.<\/span><\/p>\n<p><span style=\"font-weight: 400;\">A honlap m\u0171k\u00f6dtet\u00e9s\u00e9hez \u00e9s az oda \u00e9rkez\u0151 adatok feldolgoz\u00e1s\u00e1hoz nem vesz\u00fcnk ig\u00e9nybe adatfeldolgoz\u00f3, vagy m\u00e1s k\u00f6zrem\u0171k\u00f6d\u0151t. Az adatokhoz csak az Egyes\u00fclet v\u00e1lasztm\u00e1nya \u00e1ltal felk\u00e9rt kezel\u0151 tag f\u00e9rhet hozz\u00e1. \u00a0<\/span><\/p>\n<p><span style=\"font-weight: 400;\">Alapinform\u00e1ci\u00f3k az adatkezel\u00e9sr\u0151l:\u00a0<\/span><\/p>\n<p><span style=\"font-weight: 400;\">A<\/span><b>dom\u00e1nyoz\u00f3k\u00e9nt <\/b><span style=\"font-weight: 400;\">a <\/span><a href=\"http:\/\/www.kofe.hu\/parola\"><span style=\"font-weight: 400;\">www.kofe.hu\/parola<\/span><\/a><span style=\"font-weight: 400;\"> honlapon kereszt\u00fcl\u00a0t\u00e1mogathatod a Parola c. k\u00f6z\u00f6ss\u00e9gi szerkeszt\u00e9s\u0171 f\u00fcggetlen foly\u00f3iratot. <\/span><span style=\"font-weight: 400;\"><br \/><\/span><span style=\"font-weight: 400;\">1% felaj\u00e1nl\u00e1s\u00e1ra a fenntart\u00f3 szervezet (K\u00f6z\u00f6ss\u00e9gfejleszt\u0151k Egyes\u00fclete) k\u00f6zvetlen t\u00e1mogat\u00e1sak\u00e9nt van lehet\u0151s\u00e9ged.\u00a0<\/span><\/p>\n<p><span style=\"font-weight: 400;\">Az \u00e1ltalad felaj\u00e1nlott t\u00e1mogat\u00e1s a Barion Payment Zrt. \u00e1ltal biztos\u00edtott online bankk\u00e1rty\u00e1s fizet\u00e9si fel\u00fcleten val\u00f3sul meg.<\/span><\/p>\n<p>&nbsp;<\/p>\n<p><span style=\"font-weight: 400;\">A kezelt adatok k\u00f6re adom\u00e1nyoz\u00f3k eset\u00e9ben:<\/span><\/p>\n<p><span style=\"font-weight: 400;\">\u00a0Bankk\u00e1rty\u00e1s adom\u00e1nyoz\u00e1skor a k\u00f6vetkez\u0151 adataid sz\u00fcks\u00e9ges megadnod:<\/span><\/p>\n<ul>\n<li style=\"font-weight: 400;\"><b>Csal\u00e1di \u00e9s ut\u00f3n\u00e9v<\/b><span style=\"font-weight: 400;\"> (k\u00f6telez\u0151, becen\u00e9v is megadhat\u00f3)<\/span><\/li>\n<li style=\"font-weight: 400;\"><b>E-mail c\u00edm<\/b><span style=\"font-weight: 400;\"> (k\u00f6telez\u0151)<\/span><\/li>\n<li style=\"font-weight: 400;\"><b>T\u00e1mogat\u00e1si \u00f6sszeg <\/b><span style=\"font-weight: 400;\">(k\u00f6telez\u0151)<\/span><\/li>\n<li style=\"font-weight: 400;\"><b>T\u00e1mogat\u00e1s gyakoris\u00e1ga <\/b><span style=\"font-weight: 400;\">(k\u00f6telez\u0151)<\/span><\/li>\n<li style=\"font-weight: 400;\"><b>Telep\u00fcl\u00e9s, amelyen \u00e9lsz <\/b><span style=\"font-weight: 400;\">(k\u00f6telez\u0151)<\/span><\/li>\n<\/ul>\n<ul>\n<li style=\"font-weight: 400;\"><span style=\"font-weight: 400;\">Szem\u00e9lyes \u00fczenet<\/span><\/li>\n<\/ul>\n<p><span style=\"font-weight: 400;\">\u00a0<\/span><\/p>\n<p>&nbsp;<\/p>\n<p><span style=\"font-weight: 400;\">Adom\u00e1nyoz\u00e1skor az al\u00e1bb felsorolt adatkezel\u00e9sekhez is hozz\u00e1j\u00e1rulhatsz.\u00a0<\/span><\/p>\n<ul>\n<li style=\"font-weight: 400;\"><span style=\"font-weight: 400;\">Hozz\u00e1j\u00e1rul-e az Adom\u00e1nyoz\u00f3, hogy a keresztneve megjelenjen az adom\u00e1nyoz\u00f3k k\u00f6z\u00f6tt a honlapon;<\/span><\/li>\n<li style=\"font-weight: 400;\"><span style=\"font-weight: 400;\">Hozz\u00e1j\u00e1rul-e ahhoz, hogy a K\u00d6FE megb\u00edz\u00e1s\u00e1b\u00f3l a Parola szerkeszt\u0151s\u00e9ge \u00edm\u00e9lben \u00e9rtes\u00edtse aktualit\u00e1sokr\u00f3l, hogy a megjelen\u0151 lapsz\u00e1mokr\u00f3l is k\u00f6zvetlen\u00fcl \u00e9rtes\u00fclj\u00f6n.<\/span><\/li>\n<\/ul>\n<p><span style=\"font-weight: 400;\">\u00a0A felsorolt adatokat elk\u00fcl\u00f6n\u00edtett adatb\u00e1zisban t\u00e1roljuk, a fenntart\u00f3 Egyes\u00fclet jelsz\u00f3val v\u00e9dett z\u00e1rt online fel\u00fclet\u00e9n.\u00a0\u00a0<\/span><\/p>\n<p><b>Rendszer\u00fczenetek:<\/b><\/p>\n<p><span style=\"font-weight: 400;\">Az al\u00e1bbi rendszer\u00fczeneteket k\u00fcldj\u00fck sz\u00e1modra, hogy k\u00f6vetni tudd adom\u00e1nyod hasznosul\u00e1s\u00e1t:<\/span><\/p>\n<ul>\n<li style=\"font-weight: 400;\"><span style=\"font-weight: 400;\">k\u00f6sz\u00f6n\u0151lev\u00e9l sikeres adom\u00e1nyoz\u00e1sr\u00f3l (rendszeres bankk\u00e1rty\u00e1s megb\u00edz\u00e1s eset\u00e9n havonta, levon\u00e1st k\u00f6vet\u0151en is),<\/span><\/li>\n<li style=\"font-weight: 400;\"><span style=\"font-weight: 400;\">\u00faj lapsz\u00e1m vagy f\u00fczet jelent meg,<\/span><\/li>\n<li style=\"font-weight: 400;\"><span style=\"font-weight: 400;\">k\u00f6z\u00f6ss\u00e9gi esem\u00e9ny szervez\u0151sik a t\u00e1mogat\u00f3knak,\u00a0<\/span><\/li>\n<li style=\"font-weight: 400;\"><span style=\"font-weight: 400;\">technikai \u00fczenetek (jelsz\u00f3eml\u00e9keztet\u0151, rendszeres adom\u00e1ny m\u00f3dos\u00edt\u00e1s, t\u00f6rl\u00e9s)<\/span><\/li>\n<\/ul>\n<p><span style=\"font-weight: 400;\">Az adom\u00e1nyoz\u00e1s sor\u00e1n megadott adatok kezel\u00e9s\u00e9nek c\u00e9lja, jogalapja, m\u00f3dja:<\/span><\/p>\n<p><span style=\"font-weight: 400;\">Adataid kezel\u00e9s\u00e9hez val\u00f3 hozz\u00e1j\u00e1rul\u00e1sod abb\u00f3l a c\u00e9lb\u00f3l k\u00e9rj\u00fck, hogy a fenntart\u00f3 szervezet fel tudja venni veled a kapcsolatot, be tudjon sz\u00e1molni a tov\u00e1bbiakban is a t\u00e1mogatott tev\u00e9kenys\u00e9gr\u0151l. Az adatok kezel\u00e9si ideje 5 \u00e9v.<\/span><\/p>\n<p><span style=\"font-weight: 400;\">Ha <\/span><span style=\"font-weight: 400;\">nem j\u00e1rult\u00e1l hozz\u00e1<\/span><span style=\"font-weight: 400;\">, hogy publikus legyen az adom\u00e1nyod, illetve az adataid, adataid abb\u00f3l a c\u00e9lb\u00f3l kezelj\u00fck, hogy az adom\u00e1nyoz\u00e1si szolg\u00e1ltat\u00e1st v\u00e9gre tudjuk hajtani, amit k\u00f6vet\u0151en max. 1,5 \u00e9vig t\u00e1roljuk adataid anonim m\u00f3don.\u00a0<\/span><\/p>\n<p><span style=\"font-weight: 400;\">Jogaid:<\/span><\/p>\n<p><span style=\"font-weight: 400;\">Adatkezel\u00e9sed ok\u00e1n jogosult vagy arra, hogy a saj\u00e1t helyzeteddel kapcsolatos okokb\u00f3l tiltakozhass a vonatkoz\u00f3 szem\u00e9lyes adatok kezel\u00e9se ellen, kiv\u00e9ve, ha az adatkezel\u00e9sre k\u00f6z\u00e9rdek\u0171 okb\u00f3l v\u00e9gzett feladat v\u00e9grehajt\u00e1sa \u00e9rdek\u00e9ben van sz\u00fcks\u00e9g (pl. p\u00e9ld\u00e1ul KSH, vagy egy\u00e9b \u00e1llami szerv fel\u00e9 t\u00f6rt\u00e9n\u0151 k\u00f6telez\u0151 adatszolg\u00e1ltat\u00e1s).<\/span><\/p>\n<p><span style=\"font-weight: 400;\">Az adatkezel\u00e9s id\u0151tartama ut\u00e1n felh\u00edv\u00e1st k\u00fcld\u00fcnk, melyben meger\u0151s\u00edtheted t\u00e1j\u00e9koztat\u00e1si ig\u00e9nyed, vagy jelezheted, hogy a szolg\u00e1ltat\u00e1sra a tov\u00e1bbiakban ig\u00e9nyt tartasz vagy nem. Amennyiben az eml\u00edtett felh\u00edv\u00e1sra kifejezetten nem reag\u00e1lsz, adataidat 30 napos hat\u00e1rid\u0151vel t\u00f6r\u00f6lj\u00fck. \u00a0<\/span><\/p>\n<p><span style=\"font-weight: 400;\">Egyes\u00fclet\u00fcnk a r\u00f6gz\u00edtett adataidat k\u00fclf\u00f6ldre, vagy harmadik f\u00e9l r\u00e9sz\u00e9re nem tov\u00e1bb\u00edtja.<\/span><\/p>\n<p><span style=\"font-weight: 400;\">A r\u00e1d vonatkoz\u00f3 szem\u00e9lyes adatokr\u00f3l kivonatot k\u00e9rhetsz, azok helyesb\u00edt\u00e9s\u00e9t, t\u00f6rl\u00e9s\u00e9t vagy kezel\u00e9s\u00e9nek korl\u00e1toz\u00e1s\u00e1t k\u00e9rheted, illetve tiltakozhatsz bizonyos szem\u00e9lyes adatok kezel\u00e9se ellen. Amennyiben ez sz\u00fcks\u00e9ges: adataidat Microsoft Word form\u00e1tumban kik\u00e9rheted, illetve annak m\u00e1s szervezetnek val\u00f3 megk\u00fcld\u00e9s\u00e9t k\u00e9rheted (adathordozhat\u00f3s\u00e1g). Az adatkezel\u00e9shez val\u00f3 tov\u00e1bbi hozz\u00e1j\u00e1rul\u00e1sod b\u00e1rmikor visszavonhatod, ez azonban nem \u00e9rinti a visszavon\u00e1s el\u0151tt a hozz\u00e1j\u00e1rul\u00e1s alapj\u00e1n v\u00e9grehajtott adatkezel\u00e9s jogszer\u0171s\u00e9g\u00e9t. A felsorolt ig\u00e9nyeidet szervezet\u00fcnk a tudom\u00e1sszerz\u00e9st\u0151l sz\u00e1m\u00edtott legfeljebb 30 napt\u00e1ri napon bel\u00fcl teljes\u00edti.<\/span><\/p>\n<p><span style=\"font-weight: 400;\">Jogod van az adatkezel\u00e9shez kapcsol\u00f3d\u00f3 panasz beny\u00fajt\u00e1s\u00e1ra az al\u00e1bbi c\u00edmen:<\/span><\/p>\n<p><span style=\"font-weight: 400;\">Nemzeti Adatv\u00e9delmi \u00e9s Inform\u00e1ci\u00f3szabads\u00e1g Hat\u00f3s\u00e1g seg\u00edts\u00e9g\u00e9t (1125 Budapest Szil\u00e1gyi Erzs\u00e9bet fasor 22\/C; postac\u00edm: 1530 Budapest, Pf. 5.; www.naih.hu.<\/span><\/p>\n<p>&nbsp;<\/p>\n<p>[\/vc_column_text][\/vc_column][\/vc_row]<\/p>\n","protected":false},"excerpt":{"rendered":"<p>[vc_row][vc_column css=&#8221;.vc_custom_1562302484556{padding-top: 40px !important;}&#8221;][vc_column_text] A Parola t\u00e1rsadalom \u00e9s k\u00f6z\u00f6ss\u00e9gfejleszt\u0151 szakmai foly\u00f3irat adatkezel\u00e9si t\u00e1j\u00e9koztat\u00f3ja &nbsp; Kedves T\u00e1mogat\u00f3nk, L\u00e1togat\u00f3nk! Egyes\u00fclet\u00fcnk elk\u00f6telezett a hat\u00e1lyos jogszab\u00e1lyokban megfogalmazott tisztess\u00e9ges \u00e9s \u00e1tl\u00e1that\u00f3 adatkezel\u00e9s biztos\u00edt\u00e1s\u00e1ban.\u00a0 A www.kofe.hu\/parola honlap haszn\u00e1lata sor\u00e1n az \u00e1ltalad megadott szem\u00e9lyes adatokat annak fenntart\u00f3jak\u00e9nt a K\u00f6z\u00f6ss\u00e9gfejleszt\u0151k Egyes\u00fclete kezeli.\u00a0 Az adatv\u00e9delemmel kapcsolatos megkeres\u00e9seket az egyesulet@kofe.hu c\u00edmen v\u00e1runk. A honlap m\u0171k\u00f6dtet\u00e9s\u00e9hez [&hellip;]<\/p>\n","protected":false},"author":1,"featured_media":0,"parent":0,"menu_order":0,"comment_status":"closed","ping_status":"open","template":"","meta":{"_acf_changed":false,"footnotes":""},"coauthors":[],"class_list":["post-3","page","type-page","status-publish","hentry"],"acf":[],"yoast_head":"<!-- This site is optimized with the Yoast SEO plugin v26.7 - https:\/\/yoast.com\/wordpress\/plugins\/seo\/ -->\n<title>Adatv\u00e9delmi ir\u00e1nyelvek - Parola Foly\u00f3irat<\/title>\n<meta name=\"robots\" content=\"index, follow, max-snippet:-1, max-image-preview:large, max-video-preview:-1\" \/>\n<link rel=\"canonical\" href=\"https:\/\/kofe.hu\/parola\/adatkezelesi-tajekoztato\/\" \/>\n<meta property=\"og:locale\" content=\"hu_HU\" \/>\n<meta property=\"og:type\" content=\"article\" \/>\n<meta property=\"og:title\" content=\"Adatv\u00e9delmi ir\u00e1nyelvek - Parola Foly\u00f3irat\" \/>\n<meta property=\"og:description\" content=\"[vc_row][vc_column css=&#8221;.vc_custom_1562302484556{padding-top: 40px !important;}&#8221;][vc_column_text] A Parola t\u00e1rsadalom \u00e9s k\u00f6z\u00f6ss\u00e9gfejleszt\u0151 szakmai foly\u00f3irat adatkezel\u00e9si t\u00e1j\u00e9koztat\u00f3ja &nbsp; Kedves T\u00e1mogat\u00f3nk, L\u00e1togat\u00f3nk! Egyes\u00fclet\u00fcnk elk\u00f6telezett a hat\u00e1lyos jogszab\u00e1lyokban megfogalmazott tisztess\u00e9ges \u00e9s \u00e1tl\u00e1that\u00f3 adatkezel\u00e9s biztos\u00edt\u00e1s\u00e1ban.\u00a0 A www.kofe.hu\/parola honlap haszn\u00e1lata sor\u00e1n az \u00e1ltalad megadott szem\u00e9lyes adatokat annak fenntart\u00f3jak\u00e9nt a K\u00f6z\u00f6ss\u00e9gfejleszt\u0151k Egyes\u00fclete kezeli.\u00a0 Az adatv\u00e9delemmel kapcsolatos megkeres\u00e9seket az egyesulet@kofe.hu c\u00edmen v\u00e1runk. A honlap m\u0171k\u00f6dtet\u00e9s\u00e9hez [&hellip;]\" \/>\n<meta property=\"og:url\" content=\"https:\/\/kofe.hu\/parola\/adatkezelesi-tajekoztato\/\" \/>\n<meta property=\"og:site_name\" content=\"Parola Foly\u00f3irat\" \/>\n<meta property=\"article:modified_time\" content=\"2019-07-14T18:49:05+00:00\" \/>\n<meta name=\"twitter:card\" content=\"summary_large_image\" \/>\n<meta name=\"twitter:label1\" content=\"Becs\u00fclt olvas\u00e1si id\u0151\" \/>\n\t<meta name=\"twitter:data1\" content=\"5 perc\" \/>\n\t<meta name=\"twitter:label2\" content=\"Written by\" \/>\n\t<meta name=\"twitter:data2\" content=\"Knyih\u00e1r \u00c9va\" \/>\n<script type=\"application\/ld+json\" class=\"yoast-schema-graph\">{\"@context\":\"https:\/\/schema.org\",\"@graph\":[{\"@type\":\"WebPage\",\"@id\":\"https:\/\/kofe.hu\/parola\/adatkezelesi-tajekoztato\/\",\"url\":\"https:\/\/kofe.hu\/parola\/adatkezelesi-tajekoztato\/\",\"name\":\"Adatv\u00e9delmi ir\u00e1nyelvek - Parola Foly\u00f3irat\",\"isPartOf\":{\"@id\":\"https:\/\/kofe.hu\/parola\/#website\"},\"datePublished\":\"2019-03-19T04:45:41+00:00\",\"dateModified\":\"2019-07-14T18:49:05+00:00\",\"breadcrumb\":{\"@id\":\"https:\/\/kofe.hu\/parola\/adatkezelesi-tajekoztato\/#breadcrumb\"},\"inLanguage\":\"hu\",\"potentialAction\":[{\"@type\":\"ReadAction\",\"target\":[\"https:\/\/kofe.hu\/parola\/adatkezelesi-tajekoztato\/\"]}]},{\"@type\":\"BreadcrumbList\",\"@id\":\"https:\/\/kofe.hu\/parola\/adatkezelesi-tajekoztato\/#breadcrumb\",\"itemListElement\":[{\"@type\":\"ListItem\",\"position\":1,\"name\":\"Home\",\"item\":\"https:\/\/kofe.hu\/parola\/\"},{\"@type\":\"ListItem\",\"position\":2,\"name\":\"Adatv\u00e9delmi ir\u00e1nyelvek\"}]},{\"@type\":\"WebSite\",\"@id\":\"https:\/\/kofe.hu\/parola\/#website\",\"url\":\"https:\/\/kofe.hu\/parola\/\",\"name\":\"Parola Foly\u00f3irat\",\"description\":\"\",\"potentialAction\":[{\"@type\":\"SearchAction\",\"target\":{\"@type\":\"EntryPoint\",\"urlTemplate\":\"https:\/\/kofe.hu\/parola\/?s={search_term_string}\"},\"query-input\":{\"@type\":\"PropertyValueSpecification\",\"valueRequired\":true,\"valueName\":\"search_term_string\"}}],\"inLanguage\":\"hu\"}]}<\/script>\n<!-- \/ Yoast SEO plugin. -->","yoast_head_json":{"title":"Adatv\u00e9delmi ir\u00e1nyelvek - Parola Foly\u00f3irat","robots":{"index":"index","follow":"follow","max-snippet":"max-snippet:-1","max-image-preview":"max-image-preview:large","max-video-preview":"max-video-preview:-1"},"canonical":"https:\/\/kofe.hu\/parola\/adatkezelesi-tajekoztato\/","og_locale":"hu_HU","og_type":"article","og_title":"Adatv\u00e9delmi ir\u00e1nyelvek - Parola Foly\u00f3irat","og_description":"[vc_row][vc_column css=&#8221;.vc_custom_1562302484556{padding-top: 40px !important;}&#8221;][vc_column_text] A Parola t\u00e1rsadalom \u00e9s k\u00f6z\u00f6ss\u00e9gfejleszt\u0151 szakmai foly\u00f3irat adatkezel\u00e9si t\u00e1j\u00e9koztat\u00f3ja &nbsp; Kedves T\u00e1mogat\u00f3nk, L\u00e1togat\u00f3nk! Egyes\u00fclet\u00fcnk elk\u00f6telezett a hat\u00e1lyos jogszab\u00e1lyokban megfogalmazott tisztess\u00e9ges \u00e9s \u00e1tl\u00e1that\u00f3 adatkezel\u00e9s biztos\u00edt\u00e1s\u00e1ban.\u00a0 A www.kofe.hu\/parola honlap haszn\u00e1lata sor\u00e1n az \u00e1ltalad megadott szem\u00e9lyes adatokat annak fenntart\u00f3jak\u00e9nt a K\u00f6z\u00f6ss\u00e9gfejleszt\u0151k Egyes\u00fclete kezeli.\u00a0 Az adatv\u00e9delemmel kapcsolatos megkeres\u00e9seket az egyesulet@kofe.hu c\u00edmen v\u00e1runk. A honlap m\u0171k\u00f6dtet\u00e9s\u00e9hez [&hellip;]","og_url":"https:\/\/kofe.hu\/parola\/adatkezelesi-tajekoztato\/","og_site_name":"Parola Foly\u00f3irat","article_modified_time":"2019-07-14T18:49:05+00:00","twitter_card":"summary_large_image","twitter_misc":{"Becs\u00fclt olvas\u00e1si id\u0151":"5 perc","Written by":"Knyih\u00e1r \u00c9va"},"schema":{"@context":"https:\/\/schema.org","@graph":[{"@type":"WebPage","@id":"https:\/\/kofe.hu\/parola\/adatkezelesi-tajekoztato\/","url":"https:\/\/kofe.hu\/parola\/adatkezelesi-tajekoztato\/","name":"Adatv\u00e9delmi ir\u00e1nyelvek - Parola Foly\u00f3irat","isPartOf":{"@id":"https:\/\/kofe.hu\/parola\/#website"},"datePublished":"2019-03-19T04:45:41+00:00","dateModified":"2019-07-14T18:49:05+00:00","breadcrumb":{"@id":"https:\/\/kofe.hu\/parola\/adatkezelesi-tajekoztato\/#breadcrumb"},"inLanguage":"hu","potentialAction":[{"@type":"ReadAction","target":["https:\/\/kofe.hu\/parola\/adatkezelesi-tajekoztato\/"]}]},{"@type":"BreadcrumbList","@id":"https:\/\/kofe.hu\/parola\/adatkezelesi-tajekoztato\/#breadcrumb","itemListElement":[{"@type":"ListItem","position":1,"name":"Home","item":"https:\/\/kofe.hu\/parola\/"},{"@type":"ListItem","position":2,"name":"Adatv\u00e9delmi ir\u00e1nyelvek"}]},{"@type":"WebSite","@id":"https:\/\/kofe.hu\/parola\/#website","url":"https:\/\/kofe.hu\/parola\/","name":"Parola Foly\u00f3irat","description":"","potentialAction":[{"@type":"SearchAction","target":{"@type":"EntryPoint","urlTemplate":"https:\/\/kofe.hu\/parola\/?s={search_term_string}"},"query-input":{"@type":"PropertyValueSpecification","valueRequired":true,"valueName":"search_term_string"}}],"inLanguage":"hu"}]}},"_links":{"self":[{"href":"https:\/\/kofe.hu\/parola\/wp-json\/wp\/v2\/pages\/3","targetHints":{"allow":["GET"]}}],"collection":[{"href":"https:\/\/kofe.hu\/parola\/wp-json\/wp\/v2\/pages"}],"about":[{"href":"https:\/\/kofe.hu\/parola\/wp-json\/wp\/v2\/types\/page"}],"author":[{"embeddable":true,"href":"https:\/\/kofe.hu\/parola\/wp-json\/wp\/v2\/users\/1"}],"replies":[{"embeddable":true,"href":"https:\/\/kofe.hu\/parola\/wp-json\/wp\/v2\/comments?post=3"}],"version-history":[{"count":3,"href":"https:\/\/kofe.hu\/parola\/wp-json\/wp\/v2\/pages\/3\/revisions"}],"predecessor-version":[{"id":692,"href":"https:\/\/kofe.hu\/parola\/wp-json\/wp\/v2\/pages\/3\/revisions\/692"}],"wp:attachment":[{"href":"https:\/\/kofe.hu\/parola\/wp-json\/wp\/v2\/media?parent=3"}],"wp:term":[{"taxonomy":"author","embeddable":true,"href":"https:\/\/kofe.hu\/parola\/wp-json\/wp\/v2\/coauthors?post=3"}],"curies":[{"name":"wp","href":"https:\/\/api.w.org\/{rel}","templated":true}]}}