{"version":"1.0","provider_name":"Parola Foly\u00f3irat","provider_url":"https:\/\/kofe.hu\/parola","author_name":"P\u00e9terfi Ferenc","author_url":"https:\/\/kofe.hu\/parola\/szerzok\/peterfi-ferenc\/","title":"Otthon Seg\u00edt\u00fcnk Alap\u00edtv\u00e1ny - Parola Foly\u00f3irat","type":"rich","width":600,"height":338,"html":"<blockquote class=\"wp-embedded-content\" data-secret=\"1puapoQ1Ds\"><a href=\"https:\/\/kofe.hu\/parola\/parola-folyoirat\/otthon-segitunk-alapitvany\/\">Otthon Seg\u00edt\u00fcnk Alap\u00edtv\u00e1ny<\/a><\/blockquote><iframe sandbox=\"allow-scripts\" security=\"restricted\" src=\"https:\/\/kofe.hu\/parola\/parola-folyoirat\/otthon-segitunk-alapitvany\/embed\/#?secret=1puapoQ1Ds\" width=\"600\" height=\"338\" title=\"&#8220;Otthon Seg\u00edt\u00fcnk Alap\u00edtv\u00e1ny&#8221; &#8212; Parola Foly\u00f3irat\" data-secret=\"1puapoQ1Ds\" frameborder=\"0\" marginwidth=\"0\" marginheight=\"0\" scrolling=\"no\" class=\"wp-embedded-content\"><\/iframe><script type=\"text\/javascript\">\n\/* <![CDATA[ *\/\n\/*! This file is auto-generated *\/\n!function(d,l){\"use strict\";l.querySelector&&d.addEventListener&&\"undefined\"!=typeof URL&&(d.wp=d.wp||{},d.wp.receiveEmbedMessage||(d.wp.receiveEmbedMessage=function(e){var t=e.data;if((t||t.secret||t.message||t.value)&&!\/[^a-zA-Z0-9]\/.test(t.secret)){for(var s,r,n,a=l.querySelectorAll('iframe[data-secret=\"'+t.secret+'\"]'),o=l.querySelectorAll('blockquote[data-secret=\"'+t.secret+'\"]'),c=new RegExp(\"^https?:$\",\"i\"),i=0;i<o.length;i++)o[i].style.display=\"none\";for(i=0;i<a.length;i++)s=a[i],e.source===s.contentWindow&&(s.removeAttribute(\"style\"),\"height\"===t.message?(1e3<(r=parseInt(t.value,10))?r=1e3:~~r<200&&(r=200),s.height=r):\"link\"===t.message&&(r=new URL(s.getAttribute(\"src\")),n=new URL(t.value),c.test(n.protocol))&&n.host===r.host&&l.activeElement===s&&(d.top.location.href=t.value))}},d.addEventListener(\"message\",d.wp.receiveEmbedMessage,!1),l.addEventListener(\"DOMContentLoaded\",function(){for(var e,t,s=l.querySelectorAll(\"iframe.wp-embedded-content\"),r=0;r<s.length;r++)(t=(e=s[r]).getAttribute(\"data-secret\"))||(t=Math.random().toString(36).substring(2,12),e.src+=\"#?secret=\"+t,e.setAttribute(\"data-secret\",t)),e.contentWindow.postMessage({message:\"ready\",secret:t},\"*\")},!1)))}(window,document);\n\/\/# sourceURL=https:\/\/kofe.hu\/parola\/wp-includes\/js\/wp-embed.min.js\n\/* ]]> *\/\n<\/script>\n","thumbnail_url":"https:\/\/kofe.hu\/parola\/wp-content\/uploads\/2020\/07\/01.3.jpeg","thumbnail_width":1278,"thumbnail_height":1958,"description":"P\u00e9terfi Ferenc:\u00a0Vend\u00e9g\u00fcnk Benk\u0151 \u00c1gota, aki kor\u00e1bban a Nagycsal\u00e1dosok Orsz\u00e1gos Egyes\u00fclet\u00e9nek az eln\u00f6kek\u00e9nt j\u00e1rt m\u00e1r n\u00e1lunk t\u00f6bbsz\u00f6r is. Most milyen mozgalomban tev\u00e9kenykedik? Benk\u0151 \u00c1gota: Otthon Seg\u00edt\u00fcnk Alap\u00edtv\u00e1ny ennek a szervezetnek a neve. 1992-ben ismerkedtem meg ezzel a nagyszer\u0171 mozgalommal, amely mintegy 30 \u00e9ve indult el Angli\u00e1b\u00f3l. Eredend\u0151en kisgyerekes csal\u00e1doknak: iskol\u00e1skor alatti gyerekekkel b\u00edr\u00f3 fiatal csal\u00e1doknak seg\u00edtett [&hellip;]"}

Parola Folyóirat

Péterfi Ferenc

Otthon Segítünk Alapítvány - Parola Folyóirat

<blockquote class="wp-embedded-content" data-secret="1puapoQ1Ds"><a href="https://kofe.hu/parola/parola-folyoirat/otthon-segitunk-alapitvany/">Otthon Segítünk Alapítvány</a></blockquote><iframe sandbox="allow-scripts" security="restricted" src="https://kofe.hu/parola/parola-folyoirat/otthon-segitunk-alapitvany/embed/#?secret=1puapoQ1Ds" width="600" height="338" title="&#8220;Otthon Segítünk Alapítvány&#8221; &#8212; Parola Folyóirat" data-secret="1puapoQ1Ds" frameborder="0" marginwidth="0" marginheight="0" scrolling="no" class="wp-embedded-content"></iframe><script type="text/javascript">
/* <![CDATA[ */
/*! This file is auto-generated */
!function(d,l){"use strict";l.querySelector&&d.addEventListener&&"undefined"!=typeof URL&&(d.wp=d.wp||{},d.wp.receiveEmbedMessage||(d.wp.receiveEmbedMessage=function(e){var t=e.data;if((t||t.secret||t.message||t.value)&&!/[^a-zA-Z0-9]/.test(t.secret)){for(var s,r,n,a=l.querySelectorAll('iframe[data-secret="'+t.secret+'"]'),o=l.querySelectorAll('blockquote[data-secret="'+t.secret+'"]'),c=new RegExp("^https?:$","i"),i=0;i<o.length;i++)o[i].style.display="none";for(i=0;i<a.length;i++)s=a[i],e.source===s.contentWindow&&(s.removeAttribute("style"),"height"===t.message?(1e3<(r=parseInt(t.value,10))?r=1e3:~~r<200&&(r=200),s.height=r):"link"===t.message&&(r=new URL(s.getAttribute("src")),n=new URL(t.value),c.test(n.protocol))&&n.host===r.host&&l.activeElement===s&&(d.top.location.href=t.value))}},d.addEventListener("message",d.wp.receiveEmbedMessage,!1),l.addEventListener("DOMContentLoaded",function(){for(var e,t,s=l.querySelectorAll("iframe.wp-embedded-content"),r=0;r<s.length;r++)(t=(e=s[r]).getAttribute("data-secret"))||(t=Math.random().toString(36).substring(2,12),e.src+="#?secret="+t,e.setAttribute("data-secret",t)),e.contentWindow.postMessage({message:"ready",secret:t},"*")},!1)))}(window,document);
//# sourceURL=https://kofe.hu/parola/wp-includes/js/wp-embed.min.js
/* ]]> */
</script>

Péterfi Ferenc: Vendégünk Benkő Ágota, aki korábban a Nagycsaládosok Országos Egyesületének az elnökeként járt már nálunk többször is. Most milyen mozgalomban tevékenykedik? Benkő Ágota: Otthon Segítünk Alapítvány ennek a szervezetnek a neve. 1992-ben ismerkedtem meg ezzel a nagyszerű mozgalommal, amely mintegy 30 éve indult el Angliából. Eredendően kisgyerekes családoknak: iskoláskor alatti gyerekekkel bíró fiatal családoknak segített [&hellip;]
