{"version":"1.0","provider_name":"Parola Foly\u00f3irat","provider_url":"https:\/\/kofe.hu\/parola","author_name":"dr. Frey M\u00e1ria","author_url":"https:\/\/kofe.hu\/parola\/szerzok\/dr-frey-maria\/","title":"K\u00f6z\u00f6ss\u00e9gi munkahelyteremt\u00e9s - Parola Foly\u00f3irat","type":"rich","width":600,"height":338,"html":"<blockquote class=\"wp-embedded-content\" data-secret=\"QcuRV1c2H9\"><a href=\"https:\/\/kofe.hu\/parola\/parola-folyoirat\/kozossegi-munkahelyteremtes\/\">K\u00f6z\u00f6ss\u00e9gi munkahelyteremt\u00e9s<\/a><\/blockquote><iframe sandbox=\"allow-scripts\" security=\"restricted\" src=\"https:\/\/kofe.hu\/parola\/parola-folyoirat\/kozossegi-munkahelyteremtes\/embed\/#?secret=QcuRV1c2H9\" width=\"600\" height=\"338\" title=\"&#8220;K\u00f6z\u00f6ss\u00e9gi munkahelyteremt\u00e9s&#8221; &#8212; Parola Foly\u00f3irat\" data-secret=\"QcuRV1c2H9\" frameborder=\"0\" marginwidth=\"0\" marginheight=\"0\" scrolling=\"no\" class=\"wp-embedded-content\"><\/iframe><script type=\"text\/javascript\">\n\/* <![CDATA[ *\/\n\/*! This file is auto-generated *\/\n!function(d,l){\"use strict\";l.querySelector&&d.addEventListener&&\"undefined\"!=typeof URL&&(d.wp=d.wp||{},d.wp.receiveEmbedMessage||(d.wp.receiveEmbedMessage=function(e){var t=e.data;if((t||t.secret||t.message||t.value)&&!\/[^a-zA-Z0-9]\/.test(t.secret)){for(var s,r,n,a=l.querySelectorAll('iframe[data-secret=\"'+t.secret+'\"]'),o=l.querySelectorAll('blockquote[data-secret=\"'+t.secret+'\"]'),c=new RegExp(\"^https?:$\",\"i\"),i=0;i<o.length;i++)o[i].style.display=\"none\";for(i=0;i<a.length;i++)s=a[i],e.source===s.contentWindow&&(s.removeAttribute(\"style\"),\"height\"===t.message?(1e3<(r=parseInt(t.value,10))?r=1e3:~~r<200&&(r=200),s.height=r):\"link\"===t.message&&(r=new URL(s.getAttribute(\"src\")),n=new URL(t.value),c.test(n.protocol))&&n.host===r.host&&l.activeElement===s&&(d.top.location.href=t.value))}},d.addEventListener(\"message\",d.wp.receiveEmbedMessage,!1),l.addEventListener(\"DOMContentLoaded\",function(){for(var e,t,s=l.querySelectorAll(\"iframe.wp-embedded-content\"),r=0;r<s.length;r++)(t=(e=s[r]).getAttribute(\"data-secret\"))||(t=Math.random().toString(36).substring(2,12),e.src+=\"#?secret=\"+t,e.setAttribute(\"data-secret\",t)),e.contentWindow.postMessage({message:\"ready\",secret:t},\"*\")},!1)))}(window,document);\n\/\/# sourceURL=https:\/\/kofe.hu\/parola\/wp-includes\/js\/wp-embed.min.js\n\/* ]]> *\/\n<\/script>\n","thumbnail_url":"https:\/\/kofe.hu\/parola\/wp-content\/uploads\/2020\/07\/98.1.jpeg","thumbnail_width":1350,"thumbnail_height":2008,"description":"Ezzel a c\u00edmmel szervezett a K\u00f6z\u00f6ss\u00e9gfejleszt\u0151k Egyes\u00fclete szakmai konferenci\u00e1t Kunb\u00e1bonyban \u00e1prilis 24-26-\u00e1n az OFA \u00e9s a Magyar M\u0171vel\u0151d\u00e9si Int\u00e9zet t\u00e1mogat\u00e1s\u00e1val. Az ott elhangzott el\u0151ad\u00e1sokb\u00f3l \u00e9s az azokat k\u00f6vet\u0151 dial\u00f3gusr\u00f3l \u00f6n\u00e1ll\u00f3 kiadv\u00e1nyt jelentet\u00fcnk meg a k\u00f6zelj\u00f6v\u0151ben. Ebben a sz\u00e1munkban dr. Frey M\u00e1ri\u00e1nak a Munka\u00fcgyi Kutat\u00f3int\u00e9zet tudom\u00e1nyos f\u0151munkat\u00e1rs\u00e1nak a Munkahelyteremt\u00e9s a munkaer\u0151piac f\u0151 \u00e1ramlatain k\u00edv\u00fcl c\u00edm\u0171 el\u0151ad\u00e1s\u00e1t [&hellip;]"}

Parola Folyóirat

dr. Frey Mária

Közösségi munkahelyteremtés - Parola Folyóirat

<blockquote class="wp-embedded-content" data-secret="QcuRV1c2H9"><a href="https://kofe.hu/parola/parola-folyoirat/kozossegi-munkahelyteremtes/">Közösségi munkahelyteremtés</a></blockquote><iframe sandbox="allow-scripts" security="restricted" src="https://kofe.hu/parola/parola-folyoirat/kozossegi-munkahelyteremtes/embed/#?secret=QcuRV1c2H9" width="600" height="338" title="&#8220;Közösségi munkahelyteremtés&#8221; &#8212; Parola Folyóirat" data-secret="QcuRV1c2H9" frameborder="0" marginwidth="0" marginheight="0" scrolling="no" class="wp-embedded-content"></iframe><script type="text/javascript">
/* <![CDATA[ */
/*! This file is auto-generated */
!function(d,l){"use strict";l.querySelector&&d.addEventListener&&"undefined"!=typeof URL&&(d.wp=d.wp||{},d.wp.receiveEmbedMessage||(d.wp.receiveEmbedMessage=function(e){var t=e.data;if((t||t.secret||t.message||t.value)&&!/[^a-zA-Z0-9]/.test(t.secret)){for(var s,r,n,a=l.querySelectorAll('iframe[data-secret="'+t.secret+'"]'),o=l.querySelectorAll('blockquote[data-secret="'+t.secret+'"]'),c=new RegExp("^https?:$","i"),i=0;i<o.length;i++)o[i].style.display="none";for(i=0;i<a.length;i++)s=a[i],e.source===s.contentWindow&&(s.removeAttribute("style"),"height"===t.message?(1e3<(r=parseInt(t.value,10))?r=1e3:~~r<200&&(r=200),s.height=r):"link"===t.message&&(r=new URL(s.getAttribute("src")),n=new URL(t.value),c.test(n.protocol))&&n.host===r.host&&l.activeElement===s&&(d.top.location.href=t.value))}},d.addEventListener("message",d.wp.receiveEmbedMessage,!1),l.addEventListener("DOMContentLoaded",function(){for(var e,t,s=l.querySelectorAll("iframe.wp-embedded-content"),r=0;r<s.length;r++)(t=(e=s[r]).getAttribute("data-secret"))||(t=Math.random().toString(36).substring(2,12),e.src+="#?secret="+t,e.setAttribute("data-secret",t)),e.contentWindow.postMessage({message:"ready",secret:t},"*")},!1)))}(window,document);
//# sourceURL=https://kofe.hu/parola/wp-includes/js/wp-embed.min.js
/* ]]> */
</script>

Ezzel a címmel szervezett a Közösségfejlesztők Egyesülete szakmai konferenciát Kunbábonyban április 24-26-án az OFA és a Magyar Művelődési Intézet támogatásával. Az ott elhangzott előadásokból és az azokat követő dialógusról önálló kiadványt jelentetünk meg a közeljövőben. Ebben a számunkban dr. Frey Máriának a Munkaügyi Kutatóintézet tudományos főmunkatársának a Munkahelyteremtés a munkaerőpiac fő áramlatain kívül című előadását [&hellip;]
