{"version":"1.0","provider_name":"Parola Foly\u00f3irat","provider_url":"https:\/\/kofe.hu\/parola","author_name":"Farkas \u00c9va","author_url":"https:\/\/kofe.hu\/parola\/szerzok\/farkas-eva\/","title":"Kamaszparlament avagy a demokr\u00e1cia iskol\u00e1ja - Parola Foly\u00f3irat","type":"rich","width":600,"height":338,"html":"<blockquote class=\"wp-embedded-content\" data-secret=\"Z5QJYTgXF9\"><a href=\"https:\/\/kofe.hu\/parola\/parola-folyoirat\/kamaszparlament-avagy-a-demokracia-iskolaja\/\">Kamaszparlament avagy a demokr\u00e1cia iskol\u00e1ja<\/a><\/blockquote><iframe sandbox=\"allow-scripts\" security=\"restricted\" src=\"https:\/\/kofe.hu\/parola\/parola-folyoirat\/kamaszparlament-avagy-a-demokracia-iskolaja\/embed\/#?secret=Z5QJYTgXF9\" width=\"600\" height=\"338\" title=\"&#8220;Kamaszparlament avagy a demokr\u00e1cia iskol\u00e1ja&#8221; &#8212; Parola Foly\u00f3irat\" data-secret=\"Z5QJYTgXF9\" frameborder=\"0\" marginwidth=\"0\" marginheight=\"0\" scrolling=\"no\" class=\"wp-embedded-content\"><\/iframe><script type=\"text\/javascript\">\n\/* <![CDATA[ *\/\n\/*! This file is auto-generated *\/\n!function(d,l){\"use strict\";l.querySelector&&d.addEventListener&&\"undefined\"!=typeof URL&&(d.wp=d.wp||{},d.wp.receiveEmbedMessage||(d.wp.receiveEmbedMessage=function(e){var t=e.data;if((t||t.secret||t.message||t.value)&&!\/[^a-zA-Z0-9]\/.test(t.secret)){for(var s,r,n,a=l.querySelectorAll('iframe[data-secret=\"'+t.secret+'\"]'),o=l.querySelectorAll('blockquote[data-secret=\"'+t.secret+'\"]'),c=new RegExp(\"^https?:$\",\"i\"),i=0;i<o.length;i++)o[i].style.display=\"none\";for(i=0;i<a.length;i++)s=a[i],e.source===s.contentWindow&&(s.removeAttribute(\"style\"),\"height\"===t.message?(1e3<(r=parseInt(t.value,10))?r=1e3:~~r<200&&(r=200),s.height=r):\"link\"===t.message&&(r=new URL(s.getAttribute(\"src\")),n=new URL(t.value),c.test(n.protocol))&&n.host===r.host&&l.activeElement===s&&(d.top.location.href=t.value))}},d.addEventListener(\"message\",d.wp.receiveEmbedMessage,!1),l.addEventListener(\"DOMContentLoaded\",function(){for(var e,t,s=l.querySelectorAll(\"iframe.wp-embedded-content\"),r=0;r<s.length;r++)(t=(e=s[r]).getAttribute(\"data-secret\"))||(t=Math.random().toString(36).substring(2,12),e.src+=\"#?secret=\"+t,e.setAttribute(\"data-secret\",t)),e.contentWindow.postMessage({message:\"ready\",secret:t},\"*\")},!1)))}(window,document);\n\/\/# sourceURL=https:\/\/kofe.hu\/parola\/wp-includes\/js\/wp-embed.min.js\n\/* ]]> *\/\n<\/script>\n","thumbnail_url":"https:\/\/kofe.hu\/parola\/wp-content\/uploads\/2020\/07\/07.4.jpeg","thumbnail_width":1345,"thumbnail_height":2017,"description":"Az \u0150rhegy Egyes\u00fclet \u2013 tagjai \u00f6nkorm\u00e1nyzatok, civil szerveztek, mag\u00e1nszem\u00e9lyek \u2013 kezdem\u00e9nyez\u00e9s\u00e9re1996 tavasz\u00e1n alakult meg \u00d3zd t\u00e9rs\u00e9g\u00e9ben a Kamaszparlament, a 10\u201318 \u00e9ves fiatalok ifj\u00fas\u00e1gi szervezete. A Kamaszparlament l\u00e9trehoz\u00e1s\u00e1val az volt a sz\u00e1nd\u00e9kunk, hogy a fiatalok akt\u00edvan bekapcsol\u00f3djanak az \u00e9rintett telep\u00fcl\u00e9sek \u00e9let\u00e9be, mindezt \u00fagy, hogy megismerj\u00e9k a demokr\u00e1cia j\u00e1t\u00e9kszab\u00e1lyait, tiszt\u00e1ban legyenek \u00e9s elfogadj\u00e1k, hogy a jogok mellett [&hellip;]"}

Parola Folyóirat

Farkas Éva

Kamaszparlament avagy a demokrácia iskolája - Parola Folyóirat

<blockquote class="wp-embedded-content" data-secret="Z5QJYTgXF9"><a href="https://kofe.hu/parola/parola-folyoirat/kamaszparlament-avagy-a-demokracia-iskolaja/">Kamaszparlament avagy a demokrácia iskolája</a></blockquote><iframe sandbox="allow-scripts" security="restricted" src="https://kofe.hu/parola/parola-folyoirat/kamaszparlament-avagy-a-demokracia-iskolaja/embed/#?secret=Z5QJYTgXF9" width="600" height="338" title="&#8220;Kamaszparlament avagy a demokrácia iskolája&#8221; &#8212; Parola Folyóirat" data-secret="Z5QJYTgXF9" frameborder="0" marginwidth="0" marginheight="0" scrolling="no" class="wp-embedded-content"></iframe><script type="text/javascript">
/* <![CDATA[ */
/*! This file is auto-generated */
!function(d,l){"use strict";l.querySelector&&d.addEventListener&&"undefined"!=typeof URL&&(d.wp=d.wp||{},d.wp.receiveEmbedMessage||(d.wp.receiveEmbedMessage=function(e){var t=e.data;if((t||t.secret||t.message||t.value)&&!/[^a-zA-Z0-9]/.test(t.secret)){for(var s,r,n,a=l.querySelectorAll('iframe[data-secret="'+t.secret+'"]'),o=l.querySelectorAll('blockquote[data-secret="'+t.secret+'"]'),c=new RegExp("^https?:$","i"),i=0;i<o.length;i++)o[i].style.display="none";for(i=0;i<a.length;i++)s=a[i],e.source===s.contentWindow&&(s.removeAttribute("style"),"height"===t.message?(1e3<(r=parseInt(t.value,10))?r=1e3:~~r<200&&(r=200),s.height=r):"link"===t.message&&(r=new URL(s.getAttribute("src")),n=new URL(t.value),c.test(n.protocol))&&n.host===r.host&&l.activeElement===s&&(d.top.location.href=t.value))}},d.addEventListener("message",d.wp.receiveEmbedMessage,!1),l.addEventListener("DOMContentLoaded",function(){for(var e,t,s=l.querySelectorAll("iframe.wp-embedded-content"),r=0;r<s.length;r++)(t=(e=s[r]).getAttribute("data-secret"))||(t=Math.random().toString(36).substring(2,12),e.src+="#?secret="+t,e.setAttribute("data-secret",t)),e.contentWindow.postMessage({message:"ready",secret:t},"*")},!1)))}(window,document);
//# sourceURL=https://kofe.hu/parola/wp-includes/js/wp-embed.min.js
/* ]]> */
</script>

Az Őrhegy Egyesület – tagjai önkormányzatok, civil szerveztek, magánszemélyek – kezdeményezésére1996 tavaszán alakult meg Ózd térségében a Kamaszparlament, a 10–18 éves fiatalok ifjúsági szervezete. A Kamaszparlament létrehozásával az volt a szándékunk, hogy a fiatalok aktívan bekapcsolódjanak az érintett települések életébe, mindezt úgy, hogy megismerjék a demokrácia játékszabályait, tisztában legyenek és elfogadják, hogy a jogok mellett [&hellip;]
