{"version":"1.0","provider_name":"Parola Foly\u00f3irat","provider_url":"https:\/\/kofe.hu\/parola","author_name":"Hern\u00e1di Anna Borb\u00e1la","author_url":"https:\/\/kofe.hu\/parola\/szerzok\/hernadi-anna-borbala\/","title":"K\u00e1li H\u00edrad\u00f3 - egy k\u00e9zzel \u00edrott t\u00e9rs\u00e9gi \u00fajs\u00e1g - Parola Foly\u00f3irat","type":"rich","width":600,"height":338,"html":"<blockquote class=\"wp-embedded-content\" data-secret=\"U83HmA4v4M\"><a href=\"https:\/\/kofe.hu\/parola\/parola-folyoirat\/kali-hirado-egy-kezzel-irott-tersegi-ujsag\/\">K\u00e1li H\u00edrad\u00f3 &#8211; egy k\u00e9zzel \u00edrott t\u00e9rs\u00e9gi \u00fajs\u00e1g<\/a><\/blockquote><iframe sandbox=\"allow-scripts\" security=\"restricted\" src=\"https:\/\/kofe.hu\/parola\/parola-folyoirat\/kali-hirado-egy-kezzel-irott-tersegi-ujsag\/embed\/#?secret=U83HmA4v4M\" width=\"600\" height=\"338\" title=\"&#8220;K\u00e1li H\u00edrad\u00f3 &#8211; egy k\u00e9zzel \u00edrott t\u00e9rs\u00e9gi \u00fajs\u00e1g&#8221; &#8212; Parola Foly\u00f3irat\" data-secret=\"U83HmA4v4M\" frameborder=\"0\" marginwidth=\"0\" marginheight=\"0\" scrolling=\"no\" class=\"wp-embedded-content\"><\/iframe><script type=\"text\/javascript\">\n\/* <![CDATA[ *\/\n\/*! This file is auto-generated *\/\n!function(d,l){\"use strict\";l.querySelector&&d.addEventListener&&\"undefined\"!=typeof URL&&(d.wp=d.wp||{},d.wp.receiveEmbedMessage||(d.wp.receiveEmbedMessage=function(e){var t=e.data;if((t||t.secret||t.message||t.value)&&!\/[^a-zA-Z0-9]\/.test(t.secret)){for(var s,r,n,a=l.querySelectorAll('iframe[data-secret=\"'+t.secret+'\"]'),o=l.querySelectorAll('blockquote[data-secret=\"'+t.secret+'\"]'),c=new RegExp(\"^https?:$\",\"i\"),i=0;i<o.length;i++)o[i].style.display=\"none\";for(i=0;i<a.length;i++)s=a[i],e.source===s.contentWindow&&(s.removeAttribute(\"style\"),\"height\"===t.message?(1e3<(r=parseInt(t.value,10))?r=1e3:~~r<200&&(r=200),s.height=r):\"link\"===t.message&&(r=new URL(s.getAttribute(\"src\")),n=new URL(t.value),c.test(n.protocol))&&n.host===r.host&&l.activeElement===s&&(d.top.location.href=t.value))}},d.addEventListener(\"message\",d.wp.receiveEmbedMessage,!1),l.addEventListener(\"DOMContentLoaded\",function(){for(var e,t,s=l.querySelectorAll(\"iframe.wp-embedded-content\"),r=0;r<s.length;r++)(t=(e=s[r]).getAttribute(\"data-secret\"))||(t=Math.random().toString(36).substring(2,12),e.src+=\"#?secret=\"+t,e.setAttribute(\"data-secret\",t)),e.contentWindow.postMessage({message:\"ready\",secret:t},\"*\")},!1)))}(window,document);\n\/\/# sourceURL=https:\/\/kofe.hu\/parola\/wp-includes\/js\/wp-embed.min.js\n\/* ]]> *\/\n<\/script>\n","thumbnail_url":"https:\/\/kofe.hu\/parola\/wp-content\/uploads\/2023\/04\/2023-1-7-1.jpeg","thumbnail_width":700,"thumbnail_height":501,"description":"A helyi nyilv\u00e1noss\u00e1ggal foglalkoz\u00f3 sz\u00e1munkban t\u00f6bb helyi, k\u00f6z\u00f6ss\u00e9gi alapon m\u0171k\u00f6d\u0151 sajt\u00f3term\u00e9ket mutatunk be, \u00edgy felt\u00e9tlen fontosnak tartottam h\u00edrt adni arr\u00f3l, hogy a K\u00e1li-medenc\u00e9ben Somogyi Gy\u0151z\u0151 Kossuth-d\u00edjas lek\u00f6lt\u00f6z\u00f6tt grafikus \u00edr, szerkeszt \u00e9s rajzol saj\u00e1t kez\u00e9vel \u00fajs\u00e1got, mely a helyben aktu\u00e1lis h\u00edrekr\u0151l tud\u00f3s\u00edt m\u00e1r t\u00f6bb \u00e9vtizede igaz\u00e1n egyed\u00fcl\u00e1ll\u00f3 form\u00e1ban."}

Parola Folyóirat

Hernádi Anna Borbála

Káli Híradó - egy kézzel írott térségi újság - Parola Folyóirat

<blockquote class="wp-embedded-content" data-secret="U83HmA4v4M"><a href="https://kofe.hu/parola/parola-folyoirat/kali-hirado-egy-kezzel-irott-tersegi-ujsag/">Káli Híradó &#8211; egy kézzel írott térségi újság</a></blockquote><iframe sandbox="allow-scripts" security="restricted" src="https://kofe.hu/parola/parola-folyoirat/kali-hirado-egy-kezzel-irott-tersegi-ujsag/embed/#?secret=U83HmA4v4M" width="600" height="338" title="&#8220;Káli Híradó &#8211; egy kézzel írott térségi újság&#8221; &#8212; Parola Folyóirat" data-secret="U83HmA4v4M" frameborder="0" marginwidth="0" marginheight="0" scrolling="no" class="wp-embedded-content"></iframe><script type="text/javascript">
/* <![CDATA[ */
/*! This file is auto-generated */
!function(d,l){"use strict";l.querySelector&&d.addEventListener&&"undefined"!=typeof URL&&(d.wp=d.wp||{},d.wp.receiveEmbedMessage||(d.wp.receiveEmbedMessage=function(e){var t=e.data;if((t||t.secret||t.message||t.value)&&!/[^a-zA-Z0-9]/.test(t.secret)){for(var s,r,n,a=l.querySelectorAll('iframe[data-secret="'+t.secret+'"]'),o=l.querySelectorAll('blockquote[data-secret="'+t.secret+'"]'),c=new RegExp("^https?:$","i"),i=0;i<o.length;i++)o[i].style.display="none";for(i=0;i<a.length;i++)s=a[i],e.source===s.contentWindow&&(s.removeAttribute("style"),"height"===t.message?(1e3<(r=parseInt(t.value,10))?r=1e3:~~r<200&&(r=200),s.height=r):"link"===t.message&&(r=new URL(s.getAttribute("src")),n=new URL(t.value),c.test(n.protocol))&&n.host===r.host&&l.activeElement===s&&(d.top.location.href=t.value))}},d.addEventListener("message",d.wp.receiveEmbedMessage,!1),l.addEventListener("DOMContentLoaded",function(){for(var e,t,s=l.querySelectorAll("iframe.wp-embedded-content"),r=0;r<s.length;r++)(t=(e=s[r]).getAttribute("data-secret"))||(t=Math.random().toString(36).substring(2,12),e.src+="#?secret="+t,e.setAttribute("data-secret",t)),e.contentWindow.postMessage({message:"ready",secret:t},"*")},!1)))}(window,document);
//# sourceURL=https://kofe.hu/parola/wp-includes/js/wp-embed.min.js
/* ]]> */
</script>

A helyi nyilvánossággal foglalkozó számunkban több helyi, közösségi alapon működő sajtóterméket mutatunk be, így feltétlen fontosnak tartottam hírt adni arról, hogy a Káli-medencében Somogyi Győző Kossuth-díjas leköltözött grafikus ír, szerkeszt és rajzol saját kezével újságot, mely a helyben aktuális hírekről tudósít már több évtizede igazán egyedülálló formában.
