{"version":"1.0","provider_name":"Parola Foly\u00f3irat","provider_url":"https:\/\/kofe.hu\/parola","author_name":"Beke P\u00e1l","author_url":"https:\/\/kofe.hu\/parola\/szerzok\/beke-pal\/","title":"J\u00e9zussal egy fed\u00e9l alatt: Kult\u00farotthon avat\u00e1sra - Parola Foly\u00f3irat","type":"rich","width":600,"height":338,"html":"<blockquote class=\"wp-embedded-content\" data-secret=\"f5IU4FZFpF\"><a href=\"https:\/\/kofe.hu\/parola\/parola-folyoirat\/jezussal-egy-fedel-alatt-kulturotthon-avatasra\/\">J\u00e9zussal egy fed\u00e9l alatt: Kult\u00farotthon avat\u00e1sra<\/a><\/blockquote><iframe sandbox=\"allow-scripts\" security=\"restricted\" src=\"https:\/\/kofe.hu\/parola\/parola-folyoirat\/jezussal-egy-fedel-alatt-kulturotthon-avatasra\/embed\/#?secret=f5IU4FZFpF\" width=\"600\" height=\"338\" title=\"&#8220;J\u00e9zussal egy fed\u00e9l alatt: Kult\u00farotthon avat\u00e1sra&#8221; &#8212; Parola Foly\u00f3irat\" data-secret=\"f5IU4FZFpF\" frameborder=\"0\" marginwidth=\"0\" marginheight=\"0\" scrolling=\"no\" class=\"wp-embedded-content\"><\/iframe><script type=\"text\/javascript\">\n\/* <![CDATA[ *\/\n\/*! This file is auto-generated *\/\n!function(d,l){\"use strict\";l.querySelector&&d.addEventListener&&\"undefined\"!=typeof URL&&(d.wp=d.wp||{},d.wp.receiveEmbedMessage||(d.wp.receiveEmbedMessage=function(e){var t=e.data;if((t||t.secret||t.message||t.value)&&!\/[^a-zA-Z0-9]\/.test(t.secret)){for(var s,r,n,a=l.querySelectorAll('iframe[data-secret=\"'+t.secret+'\"]'),o=l.querySelectorAll('blockquote[data-secret=\"'+t.secret+'\"]'),c=new RegExp(\"^https?:$\",\"i\"),i=0;i<o.length;i++)o[i].style.display=\"none\";for(i=0;i<a.length;i++)s=a[i],e.source===s.contentWindow&&(s.removeAttribute(\"style\"),\"height\"===t.message?(1e3<(r=parseInt(t.value,10))?r=1e3:~~r<200&&(r=200),s.height=r):\"link\"===t.message&&(r=new URL(s.getAttribute(\"src\")),n=new URL(t.value),c.test(n.protocol))&&n.host===r.host&&l.activeElement===s&&(d.top.location.href=t.value))}},d.addEventListener(\"message\",d.wp.receiveEmbedMessage,!1),l.addEventListener(\"DOMContentLoaded\",function(){for(var e,t,s=l.querySelectorAll(\"iframe.wp-embedded-content\"),r=0;r<s.length;r++)(t=(e=s[r]).getAttribute(\"data-secret\"))||(t=Math.random().toString(36).substring(2,12),e.src+=\"#?secret=\"+t,e.setAttribute(\"data-secret\",t)),e.contentWindow.postMessage({message:\"ready\",secret:t},\"*\")},!1)))}(window,document);\n\/\/# sourceURL=https:\/\/kofe.hu\/parola\/wp-includes\/js\/wp-embed.min.js\n\/* ]]> *\/\n<\/script>\n","thumbnail_url":"https:\/\/kofe.hu\/parola\/wp-content\/uploads\/2020\/05\/90.2.jpeg","thumbnail_width":1339,"thumbnail_height":1871,"description":"J\u00f3l eml\u00e9kszem, hogy amikor h\u00edr\u00e9t hallottam (tal\u00e1n Kamar\u00e1s Pist\u00e1t\u00f3l? Deme Tam\u00e1st\u00f3l?), hogy katolikus kult\u00farotthont szeretn\u00e9nek valakik Budapesten, egy megyei tov\u00e1bbk\u00e9pz\u00e9sen azonnal elmondtam a h\u00edrt. Megmosolyogtak. Magam is bizonytalan voltam, hiszen onnan n\u00e9zv\u00e9st bizony mindegy volt, hogy R\u00e1kospalot\u00e1n-e vagy Budafokon. A k\u00e9telked\u0151knek sem adhattam pontos v\u00e1laszt, csak a fejemet vakartam helyette. A sz\u00fcnetben egy hivatalnok meg [&hellip;]"}

Parola Folyóirat

Beke Pál

Jézussal egy fedél alatt: Kultúrotthon avatásra - Parola Folyóirat

<blockquote class="wp-embedded-content" data-secret="f5IU4FZFpF"><a href="https://kofe.hu/parola/parola-folyoirat/jezussal-egy-fedel-alatt-kulturotthon-avatasra/">Jézussal egy fedél alatt: Kultúrotthon avatásra</a></blockquote><iframe sandbox="allow-scripts" security="restricted" src="https://kofe.hu/parola/parola-folyoirat/jezussal-egy-fedel-alatt-kulturotthon-avatasra/embed/#?secret=f5IU4FZFpF" width="600" height="338" title="&#8220;Jézussal egy fedél alatt: Kultúrotthon avatásra&#8221; &#8212; Parola Folyóirat" data-secret="f5IU4FZFpF" frameborder="0" marginwidth="0" marginheight="0" scrolling="no" class="wp-embedded-content"></iframe><script type="text/javascript">
/* <![CDATA[ */
/*! This file is auto-generated */
!function(d,l){"use strict";l.querySelector&&d.addEventListener&&"undefined"!=typeof URL&&(d.wp=d.wp||{},d.wp.receiveEmbedMessage||(d.wp.receiveEmbedMessage=function(e){var t=e.data;if((t||t.secret||t.message||t.value)&&!/[^a-zA-Z0-9]/.test(t.secret)){for(var s,r,n,a=l.querySelectorAll('iframe[data-secret="'+t.secret+'"]'),o=l.querySelectorAll('blockquote[data-secret="'+t.secret+'"]'),c=new RegExp("^https?:$","i"),i=0;i<o.length;i++)o[i].style.display="none";for(i=0;i<a.length;i++)s=a[i],e.source===s.contentWindow&&(s.removeAttribute("style"),"height"===t.message?(1e3<(r=parseInt(t.value,10))?r=1e3:~~r<200&&(r=200),s.height=r):"link"===t.message&&(r=new URL(s.getAttribute("src")),n=new URL(t.value),c.test(n.protocol))&&n.host===r.host&&l.activeElement===s&&(d.top.location.href=t.value))}},d.addEventListener("message",d.wp.receiveEmbedMessage,!1),l.addEventListener("DOMContentLoaded",function(){for(var e,t,s=l.querySelectorAll("iframe.wp-embedded-content"),r=0;r<s.length;r++)(t=(e=s[r]).getAttribute("data-secret"))||(t=Math.random().toString(36).substring(2,12),e.src+="#?secret="+t,e.setAttribute("data-secret",t)),e.contentWindow.postMessage({message:"ready",secret:t},"*")},!1)))}(window,document);
//# sourceURL=https://kofe.hu/parola/wp-includes/js/wp-embed.min.js
/* ]]> */
</script>

Jól emlékszem, hogy amikor hírét hallottam (talán Kamarás Pistától? Deme Tamástól?), hogy katolikus kultúrotthont szeretnének valakik Budapesten, egy megyei továbbképzésen azonnal elmondtam a hírt. Megmosolyogtak. Magam is bizonytalan voltam, hiszen onnan nézvést bizony mindegy volt, hogy Rákospalotán-e vagy Budafokon. A kételkedőknek sem adhattam pontos választ, csak a fejemet vakartam helyette. A szünetben egy hivatalnok meg [&hellip;]
