{"version":"1.0","provider_name":"Parola Foly\u00f3irat","provider_url":"https:\/\/kofe.hu\/parola","author_name":"R\u00e9szlet a Hum\u00e1n forr\u00e1sok 1997. 6. sz\u00e1m\u00e1b\u00f3l","author_url":"https:\/\/kofe.hu\/parola\/szerzok\/reszlet-a-human-forrasok-1997-6-szamabol\/","title":"Civil K\u00f6z\u00f6ss\u00e9gek H\u00e1za - Parola Foly\u00f3irat","type":"rich","width":600,"height":338,"html":"<blockquote class=\"wp-embedded-content\" data-secret=\"MiQQwaeaDq\"><a href=\"https:\/\/kofe.hu\/parola\/parola-folyoirat\/civil-kozossegek-haza\/\">Civil K\u00f6z\u00f6ss\u00e9gek H\u00e1za<\/a><\/blockquote><iframe sandbox=\"allow-scripts\" security=\"restricted\" src=\"https:\/\/kofe.hu\/parola\/parola-folyoirat\/civil-kozossegek-haza\/embed\/#?secret=MiQQwaeaDq\" width=\"600\" height=\"338\" title=\"&#8220;Civil K\u00f6z\u00f6ss\u00e9gek H\u00e1za&#8221; &#8212; Parola Foly\u00f3irat\" data-secret=\"MiQQwaeaDq\" frameborder=\"0\" marginwidth=\"0\" marginheight=\"0\" scrolling=\"no\" class=\"wp-embedded-content\"><\/iframe><script type=\"text\/javascript\">\n\/* <![CDATA[ *\/\n\/*! This file is auto-generated *\/\n!function(d,l){\"use strict\";l.querySelector&&d.addEventListener&&\"undefined\"!=typeof URL&&(d.wp=d.wp||{},d.wp.receiveEmbedMessage||(d.wp.receiveEmbedMessage=function(e){var t=e.data;if((t||t.secret||t.message||t.value)&&!\/[^a-zA-Z0-9]\/.test(t.secret)){for(var s,r,n,a=l.querySelectorAll('iframe[data-secret=\"'+t.secret+'\"]'),o=l.querySelectorAll('blockquote[data-secret=\"'+t.secret+'\"]'),c=new RegExp(\"^https?:$\",\"i\"),i=0;i<o.length;i++)o[i].style.display=\"none\";for(i=0;i<a.length;i++)s=a[i],e.source===s.contentWindow&&(s.removeAttribute(\"style\"),\"height\"===t.message?(1e3<(r=parseInt(t.value,10))?r=1e3:~~r<200&&(r=200),s.height=r):\"link\"===t.message&&(r=new URL(s.getAttribute(\"src\")),n=new URL(t.value),c.test(n.protocol))&&n.host===r.host&&l.activeElement===s&&(d.top.location.href=t.value))}},d.addEventListener(\"message\",d.wp.receiveEmbedMessage,!1),l.addEventListener(\"DOMContentLoaded\",function(){for(var e,t,s=l.querySelectorAll(\"iframe.wp-embedded-content\"),r=0;r<s.length;r++)(t=(e=s[r]).getAttribute(\"data-secret\"))||(t=Math.random().toString(36).substring(2,12),e.src+=\"#?secret=\"+t,e.setAttribute(\"data-secret\",t)),e.contentWindow.postMessage({message:\"ready\",secret:t},\"*\")},!1)))}(window,document);\n\/\/# sourceURL=https:\/\/kofe.hu\/parola\/wp-includes\/js\/wp-embed.min.js\n\/* ]]> *\/\n<\/script>\n","description":"A H\u00e1l\u00f3zat a Demokr\u00e1ci\u00e1\u00e9rt Program\u00a0(DemNet),\u00a0P\u00e9cs Megyei Jog\u00fa V\u00e1ros \u00d6nkorm\u00e1nyzata\u00a0\u00e9s a\u00a0Nevel\u0151k H\u00e1za Egyes\u00fclet\u00a0egy\u00fcttm\u0171k\u00f6d\u00e9s\u00e9vel l\u00e9trehozott int\u00e9zm\u00e9nyt\u00a0Thoma F. Cornell\u00a0\u00far, a USAID magyarorsz\u00e1gi k\u00e9pvisel\u0151je adta \u00e1t a k\u00f6zj\u00f3nak. A program szakmai jelent\u0151s\u00e9g\u00e9r\u0151l, h\u00e1tter\u00e9r\u0151l\u00a0Z\u00e1m M\u00e1ria, a H\u00e1l\u00f3zat a Demokr\u00e1ci\u00e1\u00e9rt Program igazgat\u00f3ja \u00e9s\u00a0Dr. Ujv\u00e1ri Jen\u0151, P\u00e9cs Megyei Jog\u00fa V\u00e1ros alpolg\u00e1rmestere \u00e9s\u00a0Vincze Csilla\u00a0a Nevel\u0151k H\u00e1za Egyes\u00fclet \u00fcgyvezet\u0151 igazgat\u00f3ja sz\u00f3lt."}

Parola Folyóirat

Részlet a Humán források 1997. 6. számából

Civil Közösségek Háza - Parola Folyóirat

<blockquote class="wp-embedded-content" data-secret="MiQQwaeaDq"><a href="https://kofe.hu/parola/parola-folyoirat/civil-kozossegek-haza/">Civil Közösségek Háza</a></blockquote><iframe sandbox="allow-scripts" security="restricted" src="https://kofe.hu/parola/parola-folyoirat/civil-kozossegek-haza/embed/#?secret=MiQQwaeaDq" width="600" height="338" title="&#8220;Civil Közösségek Háza&#8221; &#8212; Parola Folyóirat" data-secret="MiQQwaeaDq" frameborder="0" marginwidth="0" marginheight="0" scrolling="no" class="wp-embedded-content"></iframe><script type="text/javascript">
/* <![CDATA[ */
/*! This file is auto-generated */
!function(d,l){"use strict";l.querySelector&&d.addEventListener&&"undefined"!=typeof URL&&(d.wp=d.wp||{},d.wp.receiveEmbedMessage||(d.wp.receiveEmbedMessage=function(e){var t=e.data;if((t||t.secret||t.message||t.value)&&!/[^a-zA-Z0-9]/.test(t.secret)){for(var s,r,n,a=l.querySelectorAll('iframe[data-secret="'+t.secret+'"]'),o=l.querySelectorAll('blockquote[data-secret="'+t.secret+'"]'),c=new RegExp("^https?:$","i"),i=0;i<o.length;i++)o[i].style.display="none";for(i=0;i<a.length;i++)s=a[i],e.source===s.contentWindow&&(s.removeAttribute("style"),"height"===t.message?(1e3<(r=parseInt(t.value,10))?r=1e3:~~r<200&&(r=200),s.height=r):"link"===t.message&&(r=new URL(s.getAttribute("src")),n=new URL(t.value),c.test(n.protocol))&&n.host===r.host&&l.activeElement===s&&(d.top.location.href=t.value))}},d.addEventListener("message",d.wp.receiveEmbedMessage,!1),l.addEventListener("DOMContentLoaded",function(){for(var e,t,s=l.querySelectorAll("iframe.wp-embedded-content"),r=0;r<s.length;r++)(t=(e=s[r]).getAttribute("data-secret"))||(t=Math.random().toString(36).substring(2,12),e.src+="#?secret="+t,e.setAttribute("data-secret",t)),e.contentWindow.postMessage({message:"ready",secret:t},"*")},!1)))}(window,document);
//# sourceURL=https://kofe.hu/parola/wp-includes/js/wp-embed.min.js
/* ]]> */
</script>

A Hálózat a Demokráciáért Program (DemNet), Pécs Megyei Jogú Város Önkormányzata és a Nevelők Háza Egyesület együttműködésével létrehozott intézményt Thoma F. Cornell úr, a USAID magyarországi képviselője adta át a közjónak. A program szakmai jelentőségéről, hátteréről Zám Mária, a Hálózat a Demokráciáért Program igazgatója és Dr. Ujvári Jenő, Pécs Megyei Jogú Város alpolgármestere és Vincze Csilla a Nevelők Háza Egyesület ügyvezető igazgatója szólt.
