{"version":"1.0","provider_name":"Parola Foly\u00f3irat","provider_url":"https:\/\/kofe.hu\/parola","author_name":"Csabai Lucia","author_url":"https:\/\/kofe.hu\/parola\/szerzok\/csabai-lucia\/","title":"A vir\u00e1gz\u00f3 izlandi e-demokr\u00e1cia - Parola Foly\u00f3irat","type":"rich","width":600,"height":338,"html":"<blockquote class=\"wp-embedded-content\" data-secret=\"FO8Uxl9FrL\"><a href=\"https:\/\/kofe.hu\/parola\/parola-folyoirat\/a-viragzo-izlandi-e-demokracia\/\">A vir\u00e1gz\u00f3 izlandi e-demokr\u00e1cia<\/a><\/blockquote><iframe sandbox=\"allow-scripts\" security=\"restricted\" src=\"https:\/\/kofe.hu\/parola\/parola-folyoirat\/a-viragzo-izlandi-e-demokracia\/embed\/#?secret=FO8Uxl9FrL\" width=\"600\" height=\"338\" title=\"&#8220;A vir\u00e1gz\u00f3 izlandi e-demokr\u00e1cia&#8221; &#8212; Parola Foly\u00f3irat\" data-secret=\"FO8Uxl9FrL\" frameborder=\"0\" marginwidth=\"0\" marginheight=\"0\" scrolling=\"no\" class=\"wp-embedded-content\"><\/iframe><script type=\"text\/javascript\">\n\/* <![CDATA[ *\/\n\/*! This file is auto-generated *\/\n!function(d,l){\"use strict\";l.querySelector&&d.addEventListener&&\"undefined\"!=typeof URL&&(d.wp=d.wp||{},d.wp.receiveEmbedMessage||(d.wp.receiveEmbedMessage=function(e){var t=e.data;if((t||t.secret||t.message||t.value)&&!\/[^a-zA-Z0-9]\/.test(t.secret)){for(var s,r,n,a=l.querySelectorAll('iframe[data-secret=\"'+t.secret+'\"]'),o=l.querySelectorAll('blockquote[data-secret=\"'+t.secret+'\"]'),c=new RegExp(\"^https?:$\",\"i\"),i=0;i<o.length;i++)o[i].style.display=\"none\";for(i=0;i<a.length;i++)s=a[i],e.source===s.contentWindow&&(s.removeAttribute(\"style\"),\"height\"===t.message?(1e3<(r=parseInt(t.value,10))?r=1e3:~~r<200&&(r=200),s.height=r):\"link\"===t.message&&(r=new URL(s.getAttribute(\"src\")),n=new URL(t.value),c.test(n.protocol))&&n.host===r.host&&l.activeElement===s&&(d.top.location.href=t.value))}},d.addEventListener(\"message\",d.wp.receiveEmbedMessage,!1),l.addEventListener(\"DOMContentLoaded\",function(){for(var e,t,s=l.querySelectorAll(\"iframe.wp-embedded-content\"),r=0;r<s.length;r++)(t=(e=s[r]).getAttribute(\"data-secret\"))||(t=Math.random().toString(36).substring(2,12),e.src+=\"#?secret=\"+t,e.setAttribute(\"data-secret\",t)),e.contentWindow.postMessage({message:\"ready\",secret:t},\"*\")},!1)))}(window,document);\n\/\/# sourceURL=https:\/\/kofe.hu\/parola\/wp-includes\/js\/wp-embed.min.js\n\/* ]]> *\/\n<\/script>\n","thumbnail_url":"https:\/\/kofe.hu\/parola\/wp-content\/uploads\/2020\/06\/Csabai-Lucia.gif","thumbnail_width":313,"thumbnail_height":382,"description":"Az EGT\/Norv\u00e9g Civil T\u00e1mogat\u00e1si Alap \u00f6szt\u00f6nd\u00edjas programj\u00e1nak keret\u00e9ben megval\u00f3sul\u00f3 tanulm\u00e1nyutam c\u00e9lj\u00e1t k\u00e9pezte a Reykjav\u00edkban m\u0171k\u00f6d\u0151 hat\u00e9kony, partneri alapon m\u0171k\u00f6d\u0151, alulr\u00f3l szervez\u0151d\u0151 online k\u00f6z\u00f6ss\u00e9gi tervez\u00e9s folyamat\u00e1ba val\u00f3 betekint\u00e9s, ennek k\u00f6zvetlen megtapasztal\u00e1sa. \u00dagy v\u00e9ltem, fontos szakmai tapasztalatot ny\u00fajthat k\u00fcld\u0151 szervezetem, a K\u00f6z\u00f6ss\u00e9gfejleszt\u0151k Egyes\u00fclete \u00e9s a magam sz\u00e1m\u00e1ra is egy val\u00f3ban m\u0171k\u00f6d\u0151 e-demokr\u00e1cia folyamat\u00e1nak megismer\u00e9se, s az ennek [&hellip;]"}

Parola Folyóirat

A virágzó izlandi e-demokrácia - Parola Folyóirat

<blockquote class="wp-embedded-content" data-secret="FO8Uxl9FrL"><a href="https://kofe.hu/parola/parola-folyoirat/a-viragzo-izlandi-e-demokracia/">A virágzó izlandi e-demokrácia</a></blockquote><iframe sandbox="allow-scripts" security="restricted" src="https://kofe.hu/parola/parola-folyoirat/a-viragzo-izlandi-e-demokracia/embed/#?secret=FO8Uxl9FrL" width="600" height="338" title="&#8220;A virágzó izlandi e-demokrácia&#8221; &#8212; Parola Folyóirat" data-secret="FO8Uxl9FrL" frameborder="0" marginwidth="0" marginheight="0" scrolling="no" class="wp-embedded-content"></iframe><script type="text/javascript">
/* <![CDATA[ */
/*! This file is auto-generated */
!function(d,l){"use strict";l.querySelector&&d.addEventListener&&"undefined"!=typeof URL&&(d.wp=d.wp||{},d.wp.receiveEmbedMessage||(d.wp.receiveEmbedMessage=function(e){var t=e.data;if((t||t.secret||t.message||t.value)&&!/[^a-zA-Z0-9]/.test(t.secret)){for(var s,r,n,a=l.querySelectorAll('iframe[data-secret="'+t.secret+'"]'),o=l.querySelectorAll('blockquote[data-secret="'+t.secret+'"]'),c=new RegExp("^https?:$","i"),i=0;i<o.length;i++)o[i].style.display="none";for(i=0;i<a.length;i++)s=a[i],e.source===s.contentWindow&&(s.removeAttribute("style"),"height"===t.message?(1e3<(r=parseInt(t.value,10))?r=1e3:~~r<200&&(r=200),s.height=r):"link"===t.message&&(r=new URL(s.getAttribute("src")),n=new URL(t.value),c.test(n.protocol))&&n.host===r.host&&l.activeElement===s&&(d.top.location.href=t.value))}},d.addEventListener("message",d.wp.receiveEmbedMessage,!1),l.addEventListener("DOMContentLoaded",function(){for(var e,t,s=l.querySelectorAll("iframe.wp-embedded-content"),r=0;r<s.length;r++)(t=(e=s[r]).getAttribute("data-secret"))||(t=Math.random().toString(36).substring(2,12),e.src+="#?secret="+t,e.setAttribute("data-secret",t)),e.contentWindow.postMessage({message:"ready",secret:t},"*")},!1)))}(window,document);
//# sourceURL=https://kofe.hu/parola/wp-includes/js/wp-embed.min.js
/* ]]> */
</script>

Az EGT/Norvég Civil Támogatási Alap ösztöndíjas programjának keretében megvalósuló tanulmányutam célját képezte a Reykjavíkban működő hatékony, partneri alapon működő, alulról szerveződő online közösségi tervezés folyamatába való betekintés, ennek közvetlen megtapasztalása. Úgy véltem, fontos szakmai tapasztalatot nyújthat küldő szervezetem, a Közösségfejlesztők Egyesülete és a magam számára is egy valóban működő e-demokrácia folyamatának megismerése, s az ennek [&hellip;]
