{"version":"1.0","provider_name":"Parola Foly\u00f3irat","provider_url":"https:\/\/kofe.hu\/parola","author_name":"Pozsgai Rebeka","author_url":"https:\/\/kofe.hu\/parola\/szerzok\/pozsgai-rebeka\/","title":"A Civil Koll\u00e9gium Alap\u00edtv\u00e1ny kamp\u00e1nyai a j\u00e1rv\u00e1nyhelyzetben - Parola Foly\u00f3irat","type":"rich","width":600,"height":338,"html":"<blockquote class=\"wp-embedded-content\" data-secret=\"qAPh7jqId5\"><a href=\"https:\/\/kofe.hu\/parola\/parola-folyoirat\/a-civil-kollegium-alapitvany-kampanyai-a-jarvanyhelyzetben\/\">A Civil Koll\u00e9gium Alap\u00edtv\u00e1ny kamp\u00e1nyai a j\u00e1rv\u00e1nyhelyzetben<\/a><\/blockquote><iframe sandbox=\"allow-scripts\" security=\"restricted\" src=\"https:\/\/kofe.hu\/parola\/parola-folyoirat\/a-civil-kollegium-alapitvany-kampanyai-a-jarvanyhelyzetben\/embed\/#?secret=qAPh7jqId5\" width=\"600\" height=\"338\" title=\"&#8220;A Civil Koll\u00e9gium Alap\u00edtv\u00e1ny kamp\u00e1nyai a j\u00e1rv\u00e1nyhelyzetben&#8221; &#8212; Parola Foly\u00f3irat\" data-secret=\"qAPh7jqId5\" frameborder=\"0\" marginwidth=\"0\" marginheight=\"0\" scrolling=\"no\" class=\"wp-embedded-content\"><\/iframe><script type=\"text\/javascript\">\n\/* <![CDATA[ *\/\n\/*! This file is auto-generated *\/\n!function(d,l){\"use strict\";l.querySelector&&d.addEventListener&&\"undefined\"!=typeof URL&&(d.wp=d.wp||{},d.wp.receiveEmbedMessage||(d.wp.receiveEmbedMessage=function(e){var t=e.data;if((t||t.secret||t.message||t.value)&&!\/[^a-zA-Z0-9]\/.test(t.secret)){for(var s,r,n,a=l.querySelectorAll('iframe[data-secret=\"'+t.secret+'\"]'),o=l.querySelectorAll('blockquote[data-secret=\"'+t.secret+'\"]'),c=new RegExp(\"^https?:$\",\"i\"),i=0;i<o.length;i++)o[i].style.display=\"none\";for(i=0;i<a.length;i++)s=a[i],e.source===s.contentWindow&&(s.removeAttribute(\"style\"),\"height\"===t.message?(1e3<(r=parseInt(t.value,10))?r=1e3:~~r<200&&(r=200),s.height=r):\"link\"===t.message&&(r=new URL(s.getAttribute(\"src\")),n=new URL(t.value),c.test(n.protocol))&&n.host===r.host&&l.activeElement===s&&(d.top.location.href=t.value))}},d.addEventListener(\"message\",d.wp.receiveEmbedMessage,!1),l.addEventListener(\"DOMContentLoaded\",function(){for(var e,t,s=l.querySelectorAll(\"iframe.wp-embedded-content\"),r=0;r<s.length;r++)(t=(e=s[r]).getAttribute(\"data-secret\"))||(t=Math.random().toString(36).substring(2,12),e.src+=\"#?secret=\"+t,e.setAttribute(\"data-secret\",t)),e.contentWindow.postMessage({message:\"ready\",secret:t},\"*\")},!1)))}(window,document);\n\/\/# sourceURL=https:\/\/kofe.hu\/parola\/wp-includes\/js\/wp-embed.min.js\n\/* ]]> *\/\n<\/script>\n","thumbnail_url":"https:\/\/kofe.hu\/parola\/wp-content\/uploads\/2021\/02\/2020-3-4-CKA_.jpg","thumbnail_width":701,"thumbnail_height":438,"description":"Ablakapadra 2020 m\u00e1rcius\u00e1ban az oktat\u00e1s t\u00e1voktat\u00e1sra \u00e1llt \u00e1t, \u00e9s elkezd\u0151d\u00f6tt a digit\u00e1lis oktat\u00e1s korszaka. Magyarorsz\u00e1gon hamar kider\u00fclt azonban, hogy sz\u00e1mos csal\u00e1dnak egy\u00e1ltal\u00e1n nincsen sz\u00e9less\u00e1v\u00fa internet el\u00e9r\u00e9se vagy eszk\u00f6ze arra, hogy bekapcsol\u00f3djon az oktat\u00e1sba. A megfelel\u0151 eszk\u00f6z\u00f6k \u00e9s internet n\u00e9lk\u00fcl a legszeg\u00e9nyebb telep\u00fcl\u00e9sen \u00e9l\u0151 gyermekek m\u00e9g ink\u00e1bb h\u00e1tr\u00e1nyba ker\u00fcltek, \u00e9s f\u00e9l\u0151 volt, hogy m\u00e9g jobban lemaradnak [&hellip;]"}

Parola Folyóirat

A Civil Kollégium Alapítvány kampányai a járványhelyzetben - Parola Folyóirat

<blockquote class="wp-embedded-content" data-secret="qAPh7jqId5"><a href="https://kofe.hu/parola/parola-folyoirat/a-civil-kollegium-alapitvany-kampanyai-a-jarvanyhelyzetben/">A Civil Kollégium Alapítvány kampányai a járványhelyzetben</a></blockquote><iframe sandbox="allow-scripts" security="restricted" src="https://kofe.hu/parola/parola-folyoirat/a-civil-kollegium-alapitvany-kampanyai-a-jarvanyhelyzetben/embed/#?secret=qAPh7jqId5" width="600" height="338" title="&#8220;A Civil Kollégium Alapítvány kampányai a járványhelyzetben&#8221; &#8212; Parola Folyóirat" data-secret="qAPh7jqId5" frameborder="0" marginwidth="0" marginheight="0" scrolling="no" class="wp-embedded-content"></iframe><script type="text/javascript">
/* <![CDATA[ */
/*! This file is auto-generated */
!function(d,l){"use strict";l.querySelector&&d.addEventListener&&"undefined"!=typeof URL&&(d.wp=d.wp||{},d.wp.receiveEmbedMessage||(d.wp.receiveEmbedMessage=function(e){var t=e.data;if((t||t.secret||t.message||t.value)&&!/[^a-zA-Z0-9]/.test(t.secret)){for(var s,r,n,a=l.querySelectorAll('iframe[data-secret="'+t.secret+'"]'),o=l.querySelectorAll('blockquote[data-secret="'+t.secret+'"]'),c=new RegExp("^https?:$","i"),i=0;i<o.length;i++)o[i].style.display="none";for(i=0;i<a.length;i++)s=a[i],e.source===s.contentWindow&&(s.removeAttribute("style"),"height"===t.message?(1e3<(r=parseInt(t.value,10))?r=1e3:~~r<200&&(r=200),s.height=r):"link"===t.message&&(r=new URL(s.getAttribute("src")),n=new URL(t.value),c.test(n.protocol))&&n.host===r.host&&l.activeElement===s&&(d.top.location.href=t.value))}},d.addEventListener("message",d.wp.receiveEmbedMessage,!1),l.addEventListener("DOMContentLoaded",function(){for(var e,t,s=l.querySelectorAll("iframe.wp-embedded-content"),r=0;r<s.length;r++)(t=(e=s[r]).getAttribute("data-secret"))||(t=Math.random().toString(36).substring(2,12),e.src+="#?secret="+t,e.setAttribute("data-secret",t)),e.contentWindow.postMessage({message:"ready",secret:t},"*")},!1)))}(window,document);
//# sourceURL=https://kofe.hu/parola/wp-includes/js/wp-embed.min.js
/* ]]> */
</script>

Ablakapadra 2020 márciusában az oktatás távoktatásra állt át, és elkezdődött a digitális oktatás korszaka. Magyarországon hamar kiderült azonban, hogy számos családnak egyáltalán nincsen szélessávú internet elérése vagy eszköze arra, hogy bekapcsolódjon az oktatásba. A megfelelő eszközök és internet nélkül a legszegényebb településen élő gyermekek még inkább hátrányba kerültek, és félő volt, hogy még jobban lemaradnak [&hellip;]
