{"version":"1.0","provider_name":"Parola Foly\u00f3irat","provider_url":"https:\/\/kofe.hu\/parola","author_name":"dr. Varga Rudolf","author_url":"https:\/\/kofe.hu\/parola\/szerzok\/dr-varga-rudolf\/","title":"A cig\u00e1nys\u00e1g helyzete az \u00c9szak - Magyarorsz\u00e1gi r\u00e9gi\u00f3ban - Parola Foly\u00f3irat","type":"rich","width":600,"height":338,"html":"<blockquote class=\"wp-embedded-content\" data-secret=\"er99DKxfN1\"><a href=\"https:\/\/kofe.hu\/parola\/parola-folyoirat\/a-ciganysag-helyzete-az-eszak-magyarorszagi-regioban\/\">A cig\u00e1nys\u00e1g helyzete az \u00c9szak &#8211; Magyarorsz\u00e1gi r\u00e9gi\u00f3ban<\/a><\/blockquote><iframe sandbox=\"allow-scripts\" security=\"restricted\" src=\"https:\/\/kofe.hu\/parola\/parola-folyoirat\/a-ciganysag-helyzete-az-eszak-magyarorszagi-regioban\/embed\/#?secret=er99DKxfN1\" width=\"600\" height=\"338\" title=\"&#8220;A cig\u00e1nys\u00e1g helyzete az \u00c9szak &#8211; Magyarorsz\u00e1gi r\u00e9gi\u00f3ban&#8221; &#8212; Parola Foly\u00f3irat\" data-secret=\"er99DKxfN1\" frameborder=\"0\" marginwidth=\"0\" marginheight=\"0\" scrolling=\"no\" class=\"wp-embedded-content\"><\/iframe><script type=\"text\/javascript\">\n\/* <![CDATA[ *\/\n\/*! This file is auto-generated *\/\n!function(d,l){\"use strict\";l.querySelector&&d.addEventListener&&\"undefined\"!=typeof URL&&(d.wp=d.wp||{},d.wp.receiveEmbedMessage||(d.wp.receiveEmbedMessage=function(e){var t=e.data;if((t||t.secret||t.message||t.value)&&!\/[^a-zA-Z0-9]\/.test(t.secret)){for(var s,r,n,a=l.querySelectorAll('iframe[data-secret=\"'+t.secret+'\"]'),o=l.querySelectorAll('blockquote[data-secret=\"'+t.secret+'\"]'),c=new RegExp(\"^https?:$\",\"i\"),i=0;i<o.length;i++)o[i].style.display=\"none\";for(i=0;i<a.length;i++)s=a[i],e.source===s.contentWindow&&(s.removeAttribute(\"style\"),\"height\"===t.message?(1e3<(r=parseInt(t.value,10))?r=1e3:~~r<200&&(r=200),s.height=r):\"link\"===t.message&&(r=new URL(s.getAttribute(\"src\")),n=new URL(t.value),c.test(n.protocol))&&n.host===r.host&&l.activeElement===s&&(d.top.location.href=t.value))}},d.addEventListener(\"message\",d.wp.receiveEmbedMessage,!1),l.addEventListener(\"DOMContentLoaded\",function(){for(var e,t,s=l.querySelectorAll(\"iframe.wp-embedded-content\"),r=0;r<s.length;r++)(t=(e=s[r]).getAttribute(\"data-secret\"))||(t=Math.random().toString(36).substring(2,12),e.src+=\"#?secret=\"+t,e.setAttribute(\"data-secret\",t)),e.contentWindow.postMessage({message:\"ready\",secret:t},\"*\")},!1)))}(window,document);\n\/\/# sourceURL=https:\/\/kofe.hu\/parola\/wp-includes\/js\/wp-embed.min.js\n\/* ]]> *\/\n<\/script>\n","thumbnail_url":"https:\/\/kofe.hu\/parola\/wp-content\/uploads\/2020\/07\/00.4.jpeg","thumbnail_width":1346,"thumbnail_height":2013,"description":"gy\u0171jt\u0151c\u00edmmel tizenk\u00e9t r\u00e9szesre tervezett dokumentumfilm-sorozat forgat\u00e1s\u00e1t kezdt\u00fck el munkat\u00e1rsaimmal, saj\u00e1t p\u00e9nzb\u0151l, minden k\u00fcls\u0151 t\u00e1mogat\u00e1s n\u00e9lk\u00fcl. A forgat\u00e1s 1994. december 11-\u00e9n Miskolcon \u00e9s Borsod megy\u00e9ben a ma m\u00e1r t\u00f6rt\u00e9nelminek tekinthet\u0151, els\u0151 kisebbs\u00e9gi \u00f6nkorm\u00e1nyzati v\u00e1laszt\u00e1sok esem\u00e9nyeinek r\u00f6gz\u00edt\u00e9s\u00e9vel kezd\u0151-d\u00f6tt. Ez k\u00e9pezte tervezett tizenk\u00e9t r\u00e9szes dokumentumfilm-soroza-tunk kiindul\u00e1si pontj\u00e1t, mivel Magyarorsz\u00e1gon a kisebbs\u00e9gi \u00f6nkor-m\u00e1nyzati v\u00e1laszt\u00e1sokat k\u00f6vet\u0151en, ebben a t\u00e9rs\u00e9gben alakult [&hellip;]"}

Parola Folyóirat

A cigányság helyzete az Észak - Magyarországi régióban - Parola Folyóirat

<blockquote class="wp-embedded-content" data-secret="er99DKxfN1"><a href="https://kofe.hu/parola/parola-folyoirat/a-ciganysag-helyzete-az-eszak-magyarorszagi-regioban/">A cigányság helyzete az Észak &#8211; Magyarországi régióban</a></blockquote><iframe sandbox="allow-scripts" security="restricted" src="https://kofe.hu/parola/parola-folyoirat/a-ciganysag-helyzete-az-eszak-magyarorszagi-regioban/embed/#?secret=er99DKxfN1" width="600" height="338" title="&#8220;A cigányság helyzete az Észak &#8211; Magyarországi régióban&#8221; &#8212; Parola Folyóirat" data-secret="er99DKxfN1" frameborder="0" marginwidth="0" marginheight="0" scrolling="no" class="wp-embedded-content"></iframe><script type="text/javascript">
/* <![CDATA[ */
/*! This file is auto-generated */
!function(d,l){"use strict";l.querySelector&&d.addEventListener&&"undefined"!=typeof URL&&(d.wp=d.wp||{},d.wp.receiveEmbedMessage||(d.wp.receiveEmbedMessage=function(e){var t=e.data;if((t||t.secret||t.message||t.value)&&!/[^a-zA-Z0-9]/.test(t.secret)){for(var s,r,n,a=l.querySelectorAll('iframe[data-secret="'+t.secret+'"]'),o=l.querySelectorAll('blockquote[data-secret="'+t.secret+'"]'),c=new RegExp("^https?:$","i"),i=0;i<o.length;i++)o[i].style.display="none";for(i=0;i<a.length;i++)s=a[i],e.source===s.contentWindow&&(s.removeAttribute("style"),"height"===t.message?(1e3<(r=parseInt(t.value,10))?r=1e3:~~r<200&&(r=200),s.height=r):"link"===t.message&&(r=new URL(s.getAttribute("src")),n=new URL(t.value),c.test(n.protocol))&&n.host===r.host&&l.activeElement===s&&(d.top.location.href=t.value))}},d.addEventListener("message",d.wp.receiveEmbedMessage,!1),l.addEventListener("DOMContentLoaded",function(){for(var e,t,s=l.querySelectorAll("iframe.wp-embedded-content"),r=0;r<s.length;r++)(t=(e=s[r]).getAttribute("data-secret"))||(t=Math.random().toString(36).substring(2,12),e.src+="#?secret="+t,e.setAttribute("data-secret",t)),e.contentWindow.postMessage({message:"ready",secret:t},"*")},!1)))}(window,document);
//# sourceURL=https://kofe.hu/parola/wp-includes/js/wp-embed.min.js
/* ]]> */
</script>

gyűjtőcímmel tizenkét részesre tervezett dokumentumfilm-sorozat forgatását kezdtük el munkatársaimmal, saját pénzből, minden külső támogatás nélkül. A forgatás 1994. december 11-én Miskolcon és Borsod megyében a ma már történelminek tekinthető, első kisebbségi önkormányzati választások eseményeinek rögzítésével kezdő-dött. Ez képezte tervezett tizenkét részes dokumentumfilm-soroza-tunk kiindulási pontját, mivel Magyarországon a kisebbségi önkor-mányzati választásokat követően, ebben a térségben alakult [&hellip;]
