{"version":"1.0","provider_name":"Parola Foly\u00f3irat","provider_url":"https:\/\/kofe.hu\/parola","author_name":"Knyih\u00e1r \u00c9va","author_url":"https:\/\/kofe.hu\/parola\/szerzok\/knyihar-eva-2\/","title":"A nyomornegyedekben rejl\u0151 lehet\u0151s\u00e9gek - Parola Foly\u00f3irat","type":"rich","width":600,"height":338,"html":"<blockquote class=\"wp-embedded-content\" data-secret=\"BfWcwPfnXE\"><a href=\"https:\/\/kofe.hu\/parola\/korabbi-lapszamok\/a-nyomornegyedekben-rejlo-lehetosegek\/\">A nyomornegyedekben rejl\u0151 lehet\u0151s\u00e9gek<\/a><\/blockquote><iframe sandbox=\"allow-scripts\" security=\"restricted\" src=\"https:\/\/kofe.hu\/parola\/korabbi-lapszamok\/a-nyomornegyedekben-rejlo-lehetosegek\/embed\/#?secret=BfWcwPfnXE\" width=\"600\" height=\"338\" title=\"&#8220;A nyomornegyedekben rejl\u0151 lehet\u0151s\u00e9gek&#8221; &#8212; Parola Foly\u00f3irat\" data-secret=\"BfWcwPfnXE\" frameborder=\"0\" marginwidth=\"0\" marginheight=\"0\" scrolling=\"no\" class=\"wp-embedded-content\"><\/iframe><script type=\"text\/javascript\">\n\/* <![CDATA[ *\/\n\/*! This file is auto-generated *\/\n!function(d,l){\"use strict\";l.querySelector&&d.addEventListener&&\"undefined\"!=typeof URL&&(d.wp=d.wp||{},d.wp.receiveEmbedMessage||(d.wp.receiveEmbedMessage=function(e){var t=e.data;if((t||t.secret||t.message||t.value)&&!\/[^a-zA-Z0-9]\/.test(t.secret)){for(var s,r,n,a=l.querySelectorAll('iframe[data-secret=\"'+t.secret+'\"]'),o=l.querySelectorAll('blockquote[data-secret=\"'+t.secret+'\"]'),c=new RegExp(\"^https?:$\",\"i\"),i=0;i<o.length;i++)o[i].style.display=\"none\";for(i=0;i<a.length;i++)s=a[i],e.source===s.contentWindow&&(s.removeAttribute(\"style\"),\"height\"===t.message?(1e3<(r=parseInt(t.value,10))?r=1e3:~~r<200&&(r=200),s.height=r):\"link\"===t.message&&(r=new URL(s.getAttribute(\"src\")),n=new URL(t.value),c.test(n.protocol))&&n.host===r.host&&l.activeElement===s&&(d.top.location.href=t.value))}},d.addEventListener(\"message\",d.wp.receiveEmbedMessage,!1),l.addEventListener(\"DOMContentLoaded\",function(){for(var e,t,s=l.querySelectorAll(\"iframe.wp-embedded-content\"),r=0;r<s.length;r++)(t=(e=s[r]).getAttribute(\"data-secret\"))||(t=Math.random().toString(36).substring(2,12),e.src+=\"#?secret=\"+t,e.setAttribute(\"data-secret\",t)),e.contentWindow.postMessage({message:\"ready\",secret:t},\"*\")},!1)))}(window,document);\n\/\/# sourceURL=https:\/\/kofe.hu\/parola\/wp-includes\/js\/wp-embed.min.js\n\/* ]]> *\/\n<\/script>\n","description":"[vc_row full_width=&#8221;stretch_row&#8221; css=&#8221;.vc_custom_1556609750020{background-color: #f2f2f2 !important;}&#8221;][vc_column css=&#8221;.vc_custom_1556608435755{margin-top: 40px !important;margin-bottom: 40px !important;padding-top: 40px !important;background-color: #ffffff !important;}&#8221;][vc_column_text] A nyomornegyedekben rejl\u0151 lehet\u0151s\u00e9gek [\/vc_column_text][vc_column_text]A nyomornegyedekben uralkod\u00f3 \u00e9letk\u00f6r\u00fclm\u00e9nyek l\u00e1tt\u00e1n, hallat\u00e1n val\u00f3sz\u00edn\u0171leg kevesekben vet\u0151dik fel a gondolat, hogy ilyen helyen b\u00e1rmi j\u00f3 is t\u00f6rt\u00e9nhet, \u00e1m ez a cikk arra v\u00e1lla lkozik, hogy r\u00f6viden felt\u00e1rja a nyomornegyedekben rejl\u0151 potenci\u00e1lt, \u00e9s megvil\u00e1g\u00edtsa \u201ej\u00f3 oldalukat\u201d. [&hellip;]","thumbnail_url":"http:\/\/kofe.hu\/parola\/wp-content\/uploads\/2019\/03\/parolaweblogo2.png"}

Parola Folyóirat

Knyihár Éva

A nyomornegyedekben rejlő lehetőségek - Parola Folyóirat

<blockquote class="wp-embedded-content" data-secret="BfWcwPfnXE"><a href="https://kofe.hu/parola/korabbi-lapszamok/a-nyomornegyedekben-rejlo-lehetosegek/">A nyomornegyedekben rejlő lehetőségek</a></blockquote><iframe sandbox="allow-scripts" security="restricted" src="https://kofe.hu/parola/korabbi-lapszamok/a-nyomornegyedekben-rejlo-lehetosegek/embed/#?secret=BfWcwPfnXE" width="600" height="338" title="&#8220;A nyomornegyedekben rejlő lehetőségek&#8221; &#8212; Parola Folyóirat" data-secret="BfWcwPfnXE" frameborder="0" marginwidth="0" marginheight="0" scrolling="no" class="wp-embedded-content"></iframe><script type="text/javascript">
/* <![CDATA[ */
/*! This file is auto-generated */
!function(d,l){"use strict";l.querySelector&&d.addEventListener&&"undefined"!=typeof URL&&(d.wp=d.wp||{},d.wp.receiveEmbedMessage||(d.wp.receiveEmbedMessage=function(e){var t=e.data;if((t||t.secret||t.message||t.value)&&!/[^a-zA-Z0-9]/.test(t.secret)){for(var s,r,n,a=l.querySelectorAll('iframe[data-secret="'+t.secret+'"]'),o=l.querySelectorAll('blockquote[data-secret="'+t.secret+'"]'),c=new RegExp("^https?:$","i"),i=0;i<o.length;i++)o[i].style.display="none";for(i=0;i<a.length;i++)s=a[i],e.source===s.contentWindow&&(s.removeAttribute("style"),"height"===t.message?(1e3<(r=parseInt(t.value,10))?r=1e3:~~r<200&&(r=200),s.height=r):"link"===t.message&&(r=new URL(s.getAttribute("src")),n=new URL(t.value),c.test(n.protocol))&&n.host===r.host&&l.activeElement===s&&(d.top.location.href=t.value))}},d.addEventListener("message",d.wp.receiveEmbedMessage,!1),l.addEventListener("DOMContentLoaded",function(){for(var e,t,s=l.querySelectorAll("iframe.wp-embedded-content"),r=0;r<s.length;r++)(t=(e=s[r]).getAttribute("data-secret"))||(t=Math.random().toString(36).substring(2,12),e.src+="#?secret="+t,e.setAttribute("data-secret",t)),e.contentWindow.postMessage({message:"ready",secret:t},"*")},!1)))}(window,document);
//# sourceURL=https://kofe.hu/parola/wp-includes/js/wp-embed.min.js
/* ]]> */
</script>

[vc_row full_width=&#8221;stretch_row&#8221; css=&#8221;.vc_custom_1556609750020{background-color: #f2f2f2 !important;}&#8221;][vc_column css=&#8221;.vc_custom_1556608435755{margin-top: 40px !important;margin-bottom: 40px !important;padding-top: 40px !important;background-color: #ffffff !important;}&#8221;][vc_column_text] A nyomornegyedekben rejlő lehetőségek [/vc_column_text][vc_column_text]A nyomornegyedekben uralkodó életkörülmények láttán, hallatán valószínűleg kevesekben vetődik fel a gondolat, hogy ilyen helyen bármi jó is történhet, ám ez a cikk arra válla lkozik, hogy röviden feltárja a nyomornegyedekben rejlő potenciált, és megvilágítsa „jó oldalukat”. [&hellip;]
